{"id":1312,"date":"2018-05-22T14:57:25","date_gmt":"2018-05-22T12:57:25","guid":{"rendered":"https:\/\/natfno.wpengine.com\/td2023\/?page_id=1312"},"modified":"2023-09-05T07:16:45","modified_gmt":"2023-09-05T05:16:45","slug":"hjelp-jeg-er-fri-fri-til-hva","status":"publish","type":"page","link":"https:\/\/old.natf.no\/td2023\/hjelp-jeg-er-fri-fri-til-hva\/","title":{"rendered":"Finn din indre dragpersona"},"content":{"rendered":"<p>[et_pb_section fb_built=&raquo;1&#8243; _builder_version=&raquo;4.21.0&#8243; global_colors_info=&raquo;{}&raquo;][et_pb_row column_structure=&raquo;2_3,1_3&#8243; _builder_version=&raquo;4.16&#8243; background_size=&raquo;initial&raquo; background_position=&raquo;top_left&raquo; background_repeat=&raquo;repeat&raquo; global_colors_info=&raquo;{}&raquo;][et_pb_column type=&raquo;2_3&#8243; _builder_version=&raquo;4.16&#8243; custom_padding=&raquo;|||&raquo; global_colors_info=&raquo;{}&raquo; custom_padding__hover=&raquo;|||&raquo;][et_pb_text _builder_version=&raquo;4.21.0&#8243; _module_preset=&raquo;default&raquo; global_colors_info=&raquo;{}&raquo;]<\/p>\n<h1>Finn din indre dragpersona<\/h1>\n<p>[\/et_pb_text][et_pb_text _builder_version=&raquo;4.21.0&#8243; _module_preset=&raquo;default&raquo; global_colors_info=&raquo;{}&raquo;]<\/p>\n<div><\/div>\n<div>\n<p class=\"p1\">Kurset er dessverre avlyst pga for f\u00e5 p\u00e5meldte.\u00a0<\/p>\n<p>Velkommen til kr\u00e6sjkurs i drag. M\u00e5let for dette kurset er f\u00f8rst og fremst \u00e5 bli kjent med det performative potensiale som bor i deg.\u00a0\u00a0<br \/>F\u00f8rste kvelden skal vi prate sammen og reflektere rundt hva drag er og kan v\u00e6re. S\u00e5 skal vi p\u00e5 dag to leke litt sammen, s\u00e5 kle oss ut, og s\u00e5 skal vi jobbe med et materiale som jeg har forberedt til dere, i kostyme, for \u00e5 komme n\u00e6rmere deres egen dragpersona.\u00a0Dag 3 kler vi oss ut en gang til og er med p\u00e5 resten av festivitetene, for de som har lyst.\u00a0<\/p>\n<\/div>\n<div><\/div>\n<div>\n<p>Drag er som regel sv\u00e6rt personlig, og kommer ut fra noe inne i en selv, s\u00e5 det er ofte en m\u00e5te \u00e5 uttrykke seg selv p\u00e5. Mange tar utgangspunkt i sider ved seg selv man har undertrykket i m\u00f8te med andres forventninger, men det finnes mange veier inn til sin dragpersona. Hvis du \u00f8nsker \u00e5 bli bedre kjent med deg selv i m\u00f8te med teaterarbeidet, kan drag v\u00e6re en ny inngang for deg. Ingen forkunnskaper kreves, bare nysgjerrighet og et \u00f8nske om \u00e5 l\u00e6re mer om du kan bli bedre p\u00e5 scenen. Jens Martin aka <span>Cassie Br\u00f8dskive har med det dere trenger av sminke og kostymer!\u00a0<\/span> Alle kan v\u00e6re med og utforske sin egen dragpersona, det er ingen begrensninger p\u00e5 kj\u00f8nn eller identitet.<\/p>\n<p>Hvorfor vi i Norsk Amat\u00f8rteaterforbund tenker at v\u00e5re medlemmer kan ha nytte av \u00e5 g\u00e5 kr\u00e6sjkurs i drag!<br \/>\u00c5 v\u00e6re i drag betyr \u00e5 bruke seg selv fullt ut i formidling p\u00e5 scenen.\u00a0 Du maksimerer deg selv og bruker det til \u00e5 formidle et budskap. Det kan v\u00e6re humor eller det kan v\u00e6re alvorlig, begge deler er like bra og viktig. Ofte i amat\u00f8rteater ser man at skuespillerne kan v\u00e6re litt innadvendte i spillestilen, det gj\u00f8r at selv om skuespillerne er flinke s\u00e5 n\u00e5r ikke budskapet ut til publikum. Gjennom dette kurset vil du l\u00e6re \u00e5 n\u00e5 publikum gjennom \u00e5 bruke deg selv og dine egenskaper, pluss at det selvf\u00f8lgelig er veldig g\u00f8y \u00e5 leke med kostyme og sminke sammen med andre uten at det er noe press p\u00e5 at det skal bli en forestilling av det. Vi utfordrer deg som aldri har h\u00f8rt om drag og deg som har sett mange dragshows til \u00e5 bli med p\u00e5 denne festivalens kanskje kuleste kurs!<\/p>\n<\/div>\n<div><\/div>\n<div><\/div>\n<p>[\/et_pb_text][\/et_pb_column][et_pb_column type=&raquo;1_3&#8243; _builder_version=&raquo;4.16&#8243; custom_padding=&raquo;|||&raquo; global_colors_info=&raquo;{}&raquo; custom_padding__hover=&raquo;|||&raquo;][et_pb_image src=&raquo;https:\/\/old.natf.no\/td2023\/wp-content\/uploads\/sites\/11\/2023\/06\/Jens-Martin-Hartvedt-Arvesen-02-200619RE-1-scaled.jpg&raquo; title_text=&raquo;Jens Martin Hartvedt Arvesen 02 200619RE (1)&raquo; _builder_version=&raquo;4.21.0&#8243; _module_preset=&raquo;default&raquo; global_colors_info=&raquo;{}&raquo;][\/et_pb_image][et_pb_button button_url=&raquo;@ET-DC@eyJkeW5hbWljIjp0cnVlLCJjb250ZW50IjoicG9zdF9saW5rX3VybF9wYWdlIiwic2V0dGluZ3MiOnsicG9zdF9pZCI6IjU5NSJ9fQ==@&raquo; button_text=&raquo;P\u00e5melding&raquo; button_alignment=&raquo;center&raquo; _builder_version=&raquo;4.21.0&#8243; _dynamic_attributes=&raquo;button_url&raquo; custom_button=&raquo;on&raquo; button_text_color=&raquo;#FFFFFF&raquo; button_bg_color=&raquo;#57A3A4&#8243; custom_margin=&raquo;||20px|||&raquo; global_module=&raquo;1680&#8243; global_colors_info=&raquo;{}&raquo; button_text_size__hover_enabled=&raquo;off&raquo; button_one_text_size__hover_enabled=&raquo;off&raquo; button_two_text_size__hover_enabled=&raquo;off&raquo; button_text_color__hover_enabled=&raquo;off&raquo; button_one_text_color__hover_enabled=&raquo;off&raquo; button_two_text_color__hover_enabled=&raquo;off&raquo; button_border_width__hover_enabled=&raquo;off&raquo; button_one_border_width__hover_enabled=&raquo;off&raquo; button_two_border_width__hover_enabled=&raquo;off&raquo; button_border_color__hover_enabled=&raquo;off&raquo; button_one_border_color__hover_enabled=&raquo;off&raquo; button_two_border_color__hover_enabled=&raquo;off&raquo; button_border_radius__hover_enabled=&raquo;off&raquo; button_one_border_radius__hover_enabled=&raquo;off&raquo; button_two_border_radius__hover_enabled=&raquo;off&raquo; button_letter_spacing__hover_enabled=&raquo;off&raquo; button_one_letter_spacing__hover_enabled=&raquo;off&raquo; button_two_letter_spacing__hover_enabled=&raquo;off&raquo; button_bg_color__hover_enabled=&raquo;off&raquo; button_one_bg_color__hover_enabled=&raquo;off&raquo; button_two_bg_color__hover_enabled=&raquo;off&raquo;][\/et_pb_button][\/et_pb_column][\/et_pb_row][et_pb_row _builder_version=&raquo;4.21.0&#8243; _module_preset=&raquo;default&raquo; global_colors_info=&raquo;{}&raquo;][et_pb_column type=&raquo;4_4&#8243; _builder_version=&raquo;4.21.0&#8243; _module_preset=&raquo;default&raquo; global_colors_info=&raquo;{}&raquo;][\/et_pb_column][\/et_pb_row][et_pb_row _builder_version=&raquo;4.21.0&#8243; _module_preset=&raquo;default&raquo; global_colors_info=&raquo;{}&raquo;][et_pb_column type=&raquo;4_4&#8243; _builder_version=&raquo;4.21.0&#8243; _module_preset=&raquo;default&raquo; global_colors_info=&raquo;{}&raquo;][et_pb_image src=&raquo;https:\/\/old.natf.no\/td2023\/wp-content\/uploads\/sites\/11\/2023\/06\/DRAG-scaled.jpeg&raquo; title_text=&raquo;DRAG&raquo; _builder_version=&raquo;4.21.0&#8243; _module_preset=&raquo;default&raquo; global_colors_info=&raquo;{}&raquo;][\/et_pb_image][\/et_pb_column][\/et_pb_row][\/et_pb_section]<\/p>\n","protected":false},"excerpt":{"rendered":"<p>Finn din indre dragpersona Kurset er dessverre avlyst pga for f\u00e5 p\u00e5meldte.\u00a0 Velkommen til kr\u00e6sjkurs i drag. M\u00e5let for dette kurset er f\u00f8rst og fremst \u00e5 bli kjent med det [&hellip;]<\/p>\n","protected":false},"author":9,"featured_media":0,"parent":0,"menu_order":0,"comment_status":"closed","ping_status":"closed","template":"","meta":{"_acf_changed":false,"_et_pb_use_builder":"on","_et_pb_old_content":"","_et_gb_content_width":"","inline_featured_image":false,"footnotes":""},"categories":[],"tags":[],"class_list":["post-1312","page","type-page","status-publish","hentry"],"acf":[],"_links":{"self":[{"href":"https:\/\/old.natf.no\/td2023\/wp-json\/wp\/v2\/pages\/1312","targetHints":{"allow":["GET"]}}],"collection":[{"href":"https:\/\/old.natf.no\/td2023\/wp-json\/wp\/v2\/pages"}],"about":[{"href":"https:\/\/old.natf.no\/td2023\/wp-json\/wp\/v2\/types\/page"}],"author":[{"embeddable":true,"href":"https:\/\/old.natf.no\/td2023\/wp-json\/wp\/v2\/users\/9"}],"replies":[{"embeddable":true,"href":"https:\/\/old.natf.no\/td2023\/wp-json\/wp\/v2\/comments?post=1312"}],"version-history":[{"count":0,"href":"https:\/\/old.natf.no\/td2023\/wp-json\/wp\/v2\/pages\/1312\/revisions"}],"wp:attachment":[{"href":"https:\/\/old.natf.no\/td2023\/wp-json\/wp\/v2\/media?parent=1312"}],"wp:term":[{"taxonomy":"category","embeddable":true,"href":"https:\/\/old.natf.no\/td2023\/wp-json\/wp\/v2\/categories?post=1312"},{"taxonomy":"post_tag","embeddable":true,"href":"https:\/\/old.natf.no\/td2023\/wp-json\/wp\/v2\/tags?post=1312"}],"curies":[{"name":"wp","href":"https:\/\/api.w.org\/{rel}","templated":true}]}}