{"id":1210,"date":"2018-05-16T14:07:38","date_gmt":"2018-05-16T12:07:38","guid":{"rendered":"https:\/\/natfno.wpengine.com\/td2023\/?page_id=1210"},"modified":"2023-07-13T08:53:24","modified_gmt":"2023-07-13T06:53:24","slug":"psykodramateknikk","status":"publish","type":"page","link":"https:\/\/old.natf.no\/td2023\/psykodramateknikk\/","title":{"rendered":"Psykodramateknikk"},"content":{"rendered":"<p>[et_pb_section fb_built=&raquo;1&#8243; _builder_version=&raquo;4.21.0&#8243; background_image=&raquo;https:\/\/old.natf.no\/td2023\/wp-content\/uploads\/sites\/11\/2023\/06\/vecteezy_rose-gold-japanese-kintsugi-pattern-design_8374396.jpg&raquo; global_colors_info=&raquo;{}&raquo;][et_pb_row column_structure=&raquo;3_4,1_4&#8243; _builder_version=&raquo;4.16&#8243; background_size=&raquo;initial&raquo; background_position=&raquo;top_left&raquo; background_repeat=&raquo;repeat&raquo; global_colors_info=&raquo;{}&raquo;][et_pb_column type=&raquo;3_4&#8243; _builder_version=&raquo;4.16&#8243; custom_padding=&raquo;|||&raquo; global_colors_info=&raquo;{}&raquo; custom_padding__hover=&raquo;|||&raquo;][et_pb_text _builder_version=&raquo;4.21.0&#8243; global_colors_info=&raquo;{}&raquo;]<\/p>\n<h2><b>Psykodramateknikker i manus- og karakterutvikling for scene<\/b><\/h2>\n<p>[\/et_pb_text][et_pb_text _builder_version=&raquo;4.21.0&#8243; global_colors_info=&raquo;{}&raquo;]<\/p>\n<p><span style=\"font-weight: 400\">P\u00e5 dette kurset skal vi jobbe med gruppebygging, menneskebygging og skuespillerbygging.<\/span><\/p>\n<p><span style=\"font-weight: 400\">M\u00e5let med dette kurset er \u00e5 \u00f8ke bevisstheten rundt:<\/span><\/p>\n<ul>\n<li style=\"font-weight: 400\"><span style=\"font-weight: 400\">Hvem er du som menneske?\u00a0\u00a0<\/span><\/li>\n<li style=\"font-weight: 400\"><span style=\"font-weight: 400\">Hvem er du som skuespiller?\u00a0<\/span><\/li>\n<li style=\"font-weight: 400\"><span style=\"font-weight: 400\">Hvordan f\u00e5 utnytte dine menneskelige kvaliteter, ressurser og trygghet, inn i dine roller og karakterer.\u00a0\u00a0<\/span><\/li>\n<\/ul>\n<p><span style=\"font-weight: 400\">Psykodrama er en kreativ metode, for arbeid med mennesker i gruppe og en og en.\u00a0 Vi skal forske i mellommenneskelige relasjoner og i indre konflikter og vil bruke ulike psykodramateknikker, som f.eks. rollebytte, speiling, dublering og \u00f8velser dere kanskje vil kjenne igjen fra dramagulvet, men med en tvist.\u00a0 M\u00e5let er \u00e5 bruke alt dette inn i ditt skuespiller- og karakterarbeid.<\/span><span style=\"font-weight: 400\">Vi starter med \u00e5 bygge trygghet i gruppa og jobbe med spontanitetstrening.\u00a0 Disse \u00f8velsene kan du ta med deg rett hjem til bruk i egen gruppe. Vi skal ogs\u00e5 jobbe med \u00e5penhet og autentisitet. Det blir individuell coaching <\/span><b><i>i gruppe<\/i><\/b><span style=\"font-weight: 400\">, basert p\u00e5 psykodramateknikker. Der alle er med og spiller ulike roller. Teknikker som blir brukt er bl.a.: rollebytte, dublering og speiling. S\u00e5 skal vi bruke erfaringene vi gj\u00f8r oss til \u00e5 g\u00e5 inn i ulike karakterer\/roller som dere har valgt.<\/span><\/p>\n<p><span style=\"font-weight: 400\"><img loading=\"lazy\" decoding=\"async\" src=\"https:\/\/old.natf.no\/td2023\/wp-content\/uploads\/sites\/11\/2023\/06\/Psykodrama-300x233.jpeg\" width=\"300\" height=\"233\" alt=\"\" class=\"wp-image-1609 alignnone size-medium\" srcset=\"https:\/\/old.natf.no\/td2023\/wp-content\/uploads\/sites\/11\/2023\/06\/Psykodrama-300x233.jpeg 300w, https:\/\/old.natf.no\/td2023\/wp-content\/uploads\/sites\/11\/2023\/06\/Psykodrama-1024x794.jpeg 1024w, https:\/\/old.natf.no\/td2023\/wp-content\/uploads\/sites\/11\/2023\/06\/Psykodrama-768x595.jpeg 768w, https:\/\/old.natf.no\/td2023\/wp-content\/uploads\/sites\/11\/2023\/06\/Psykodrama-1536x1190.jpeg 1536w, https:\/\/old.natf.no\/td2023\/wp-content\/uploads\/sites\/11\/2023\/06\/Psykodrama-2048x1587.jpeg 2048w, https:\/\/old.natf.no\/td2023\/wp-content\/uploads\/sites\/11\/2023\/06\/Psykodrama-1080x837.jpeg 1080w, https:\/\/old.natf.no\/td2023\/wp-content\/uploads\/sites\/11\/2023\/06\/Psykodrama-1280x992.jpeg 1280w, https:\/\/old.natf.no\/td2023\/wp-content\/uploads\/sites\/11\/2023\/06\/Psykodrama-980x760.jpeg 980w, https:\/\/old.natf.no\/td2023\/wp-content\/uploads\/sites\/11\/2023\/06\/Psykodrama-480x372.jpeg 480w\" sizes=\"auto, (max-width: 300px) 100vw, 300px\" \/><\/span><\/p>\n<p><b>Tone Aas Sk\u00e5levik<\/b> er utdannet teaterregiss\u00f8r og skuespiller fra St. Olaf Collage i Minnesota. Hun var med i utdanningsorganisasjonen \u00abUp with people\u00bb, der hun fikk erfaring med praktisk scenearbeid og PR arbeid. Tone har g\u00e5tt tre \u00e5r p\u00e5 Norsk Psykodrama Akademi, der hun gjennomf\u00f8rte gruppelederutdanning i psykodramametoden. Tone har og utdanning i spesialpedagogikk og n\u00e5 sist, i ledelse fra New York University. Hun jobber for tiden p\u00e5 Buskerud Teater som regiss\u00f8r og coach, og bruker sin psykodramakompetanse til \u00e5 bygge trygge grupper og skuespillere, og til \u00e5 skape teaterstykker. Tone driver og foretaket Coaching at Teaterart, der hun selger coachingtjenester til privatpersoner og bedrifter.<\/p>\n<p><span style=\"font-weight: 400\"><\/span><\/p>\n<p><span style=\"font-weight: 400\"><\/span><\/p>\n<p>[\/et_pb_text][et_pb_image src=&raquo;https:\/\/old.natf.no\/td2023\/wp-content\/uploads\/sites\/11\/2023\/06\/Tone-Aas-Skalevik-1.jpeg&raquo; title_text=&raquo;Tone Aas Ska\u030alevik (1)&raquo; _builder_version=&raquo;4.21.0&#8243; _module_preset=&raquo;default&raquo; global_colors_info=&raquo;{}&raquo;][\/et_pb_image][\/et_pb_column][et_pb_column type=&raquo;1_4&#8243; _builder_version=&raquo;4.16&#8243; custom_padding=&raquo;|||&raquo; global_colors_info=&raquo;{}&raquo; custom_padding__hover=&raquo;|||&raquo;][et_pb_text _builder_version=&raquo;4.16&#8243; global_colors_info=&raquo;{}&raquo;]<\/p>\n<h2><strong>Kursoversikt<\/strong><\/h2>\n<p>[\/et_pb_text][et_pb_sidebar area=&raquo;et_pb_widget_area_2&#8243; _builder_version=&raquo;4.16&#8243; global_colors_info=&raquo;{}&raquo;][\/et_pb_sidebar][et_pb_button button_url=&raquo;@ET-DC@eyJkeW5hbWljIjp0cnVlLCJjb250ZW50IjoicG9zdF9saW5rX3VybF9wYWdlIiwic2V0dGluZ3MiOnsicG9zdF9pZCI6IjU5NSJ9fQ==@&raquo; button_text=&raquo;P\u00e5melding&raquo; _builder_version=&raquo;4.21.0&#8243; _dynamic_attributes=&raquo;button_url&raquo; custom_margin=&raquo;||20px|||&raquo; global_colors_info=&raquo;{}&raquo; button_text_size__hover_enabled=&raquo;off&raquo; button_one_text_size__hover_enabled=&raquo;off&raquo; button_two_text_size__hover_enabled=&raquo;off&raquo; button_text_color__hover_enabled=&raquo;off&raquo; button_one_text_color__hover_enabled=&raquo;off&raquo; button_two_text_color__hover_enabled=&raquo;off&raquo; button_border_width__hover_enabled=&raquo;off&raquo; button_one_border_width__hover_enabled=&raquo;off&raquo; button_two_border_width__hover_enabled=&raquo;off&raquo; button_border_color__hover_enabled=&raquo;off&raquo; button_one_border_color__hover_enabled=&raquo;off&raquo; button_two_border_color__hover_enabled=&raquo;off&raquo; button_border_radius__hover_enabled=&raquo;off&raquo; button_one_border_radius__hover_enabled=&raquo;off&raquo; button_two_border_radius__hover_enabled=&raquo;off&raquo; button_letter_spacing__hover_enabled=&raquo;off&raquo; button_one_letter_spacing__hover_enabled=&raquo;off&raquo; button_two_letter_spacing__hover_enabled=&raquo;off&raquo; button_bg_color__hover_enabled=&raquo;off&raquo; button_one_bg_color__hover_enabled=&raquo;off&raquo; button_two_bg_color__hover_enabled=&raquo;off&raquo; global_module=&raquo;1680&#8243; theme_builder_area=&raquo;post_content&raquo;][\/et_pb_button][\/et_pb_column][\/et_pb_row][\/et_pb_section]<\/p>\n","protected":false},"excerpt":{"rendered":"<p>Har du lyst til \u00e5 utforske din indre klovn  innen for trygge rammer og p\u00e5 autentisk vis? Gjennom dans, mime, yoga, objektarbeid og bevegelsesimprovisasjon guides deltagerene til klovnenes tilstedev\u00e6relse og emosjonelle verden som er full av undring, glede og lekenhet.<\/p>\n","protected":false},"author":9,"featured_media":0,"parent":0,"menu_order":0,"comment_status":"closed","ping_status":"closed","template":"","meta":{"_acf_changed":false,"_et_pb_use_builder":"on","_et_pb_old_content":"","_et_gb_content_width":"","inline_featured_image":false,"footnotes":""},"categories":[26],"tags":[],"class_list":["post-1210","page","type-page","status-publish","hentry","category-kurs"],"acf":[],"_links":{"self":[{"href":"https:\/\/old.natf.no\/td2023\/wp-json\/wp\/v2\/pages\/1210","targetHints":{"allow":["GET"]}}],"collection":[{"href":"https:\/\/old.natf.no\/td2023\/wp-json\/wp\/v2\/pages"}],"about":[{"href":"https:\/\/old.natf.no\/td2023\/wp-json\/wp\/v2\/types\/page"}],"author":[{"embeddable":true,"href":"https:\/\/old.natf.no\/td2023\/wp-json\/wp\/v2\/users\/9"}],"replies":[{"embeddable":true,"href":"https:\/\/old.natf.no\/td2023\/wp-json\/wp\/v2\/comments?post=1210"}],"version-history":[{"count":0,"href":"https:\/\/old.natf.no\/td2023\/wp-json\/wp\/v2\/pages\/1210\/revisions"}],"wp:attachment":[{"href":"https:\/\/old.natf.no\/td2023\/wp-json\/wp\/v2\/media?parent=1210"}],"wp:term":[{"taxonomy":"category","embeddable":true,"href":"https:\/\/old.natf.no\/td2023\/wp-json\/wp\/v2\/categories?post=1210"},{"taxonomy":"post_tag","embeddable":true,"href":"https:\/\/old.natf.no\/td2023\/wp-json\/wp\/v2\/tags?post=1210"}],"curies":[{"name":"wp","href":"https:\/\/api.w.org\/{rel}","templated":true}]}}