{"id":1198,"date":"2018-04-26T14:12:03","date_gmt":"2018-04-26T12:12:03","guid":{"rendered":"https:\/\/natfno.wpengine.com\/td2023\/?page_id=1198"},"modified":"2023-09-08T06:58:15","modified_gmt":"2023-09-08T04:58:15","slug":"program","status":"publish","type":"page","link":"https:\/\/old.natf.no\/td2023\/program\/","title":{"rendered":"Program"},"content":{"rendered":"<p>[et_pb_section fb_built=&raquo;1&#8243; _builder_version=&raquo;4.21.0&#8243; background_color=&raquo;rgba(255,255,255,0.5)&raquo; background_image=&raquo;https:\/\/old.natf.no\/td2023\/wp-content\/uploads\/sites\/11\/2023\/06\/vecteezy_rose-gold-japanese-kintsugi-pattern-design_8374396.jpg&raquo; global_colors_info=&raquo;{}&raquo;][et_pb_row _builder_version=&raquo;4.21.0&#8243; background_size=&raquo;initial&raquo; background_position=&raquo;top_left&raquo; background_repeat=&raquo;repeat&raquo; global_colors_info=&raquo;{}&raquo;][et_pb_column type=&raquo;4_4&#8243; _builder_version=&raquo;4.16&#8243; custom_padding=&raquo;|||&raquo; global_colors_info=&raquo;{}&raquo; custom_padding__hover=&raquo;|||&raquo;][et_pb_text _builder_version=&raquo;4.16&#8243; global_colors_info=&raquo;{}&raquo;]<\/p>\n<h1><strong><br \/>Program Teaterdagene 2023.\u00a0 \u00a0 \u00a0 \u00a0 \u00a0 \u00a0 \u00a0 \u00a0 \u00a0 \u00a0 \u00a0 \u00a0 \u00a0 15. &#8211; 17.september<\/strong><\/h1>\n<p>[\/et_pb_text][\/et_pb_column][\/et_pb_row][et_pb_row _builder_version=&raquo;4.21.0&#8243; _module_preset=&raquo;default&raquo; global_colors_info=&raquo;{}&raquo;][et_pb_column type=&raquo;4_4&#8243; _builder_version=&raquo;4.21.0&#8243; _module_preset=&raquo;default&raquo; global_colors_info=&raquo;{}&raquo;][et_pb_text _builder_version=&raquo;4.21.0&#8243; _module_preset=&raquo;default&raquo; global_colors_info=&raquo;{}&raquo;]<\/p>\n<p><b><br \/>Fredag 15. september<\/b><span style=\"font-weight: 400\"><br \/><\/span><span style=\"font-weight: 400\">17:00 &#8211; 18.45\u00a0 Innsjekking i sekretariatet p\u00e5 Kulturhuset Banken<\/span><span style=\"font-weight: 400\">\u00a0<\/span><span style=\"font-weight: 400\"><br \/><\/span><span style=\"font-weight: 400\">18:45 Felles avgang fra Kulturhuset Banken\u00a0 til kurslokalene p\u00e5 Lillegammer l\u00e6ringssenter<\/span><span style=\"font-weight: 400\"><br \/><\/span><span style=\"font-weight: 400\">19:00 &#8211; 21.00 Kurs p\u00e5 Lillehammer L\u00e6ringssenter<br \/><\/span><span style=\"font-weight: 400\">19.00 &#8211; 21.00 Form\u00f8te Teatersport\u2122 Kulturhuset Banken \u2013 Holb\u00f8salen<br \/>21:30 Offisiell \u00e5pning av teaterdagene\u00a0 2023 i Kulturhuset Banken \u2013 festsalen<br \/>23:00 &#8211; Teaterkro og karaoke &#8211; Kulturhuset Banken &#8211; kafeen<\/span><\/p>\n<p><strong>L\u00f8rdag 16.september<br \/><\/strong><span style=\"font-weight: 400\">10:00 Kursstart &#8211; Lillehammer L\u00e6ringssenter og Kulturhuset Banken \u2013 Festsalen<\/span><span style=\"font-weight: 400\"><br \/><\/span><span style=\"font-weight: 400\">11.00 Foredrag for Vrimlere og gjester: Inkludering er ikke det samme som vaffelsteking med Ragnhild Arntsen.<br \/>Janne Hjelp meg gjennom \u00e5 ta meg p\u00e5 alvor med Janne Aaseb\u00f8 Johnsen &#8211; Kafeen, Kulturhuset Banken.<\/span><span style=\"font-weight: 400\"><br \/><\/span><span style=\"font-weight: 400\">13.00 Lunsj &#8211; Lillehammer l\u00e6ringssenter og Kulturhuset Banken \u2013 ekspedisjonen<br \/><\/span><span style=\"font-weight: 400\">13.30 Medlemsscenen JONAS &#8211; Kulturhuset Banken \u2013 Festsalen<br \/><\/span><span style=\"font-weight: 400\">14.30 Kursene starter igjen &#8211; Lillehammer l\u00e6ringssenter<\/span><span style=\"font-weight: 400\"><br \/><\/span><span style=\"font-weight: 400\">14.30 NM Teatersport<\/span><span style=\"font-weight: 400\">\u2122 kurs og rigg Festsalen<\/span><span style=\"font-weight: 400\">\u00a0<br \/><\/span><span style=\"font-weight: 400\">17:30 Kursene avsluttes for dagen<\/span><span style=\"font-weight: 400\"><br \/><\/span><span style=\"font-weight: 400\">19:00 \u00c5pen scene &#8211; Kulturhuset Banken \u2013<\/span><span style=\"font-weight: 400\">Kafeen<\/span><span style=\"font-weight: 400\"><br \/><\/span><span style=\"font-weight: 400\">20:00 Finale NM Teatersport\u2122 Kulturhuset Banken \u2013 Festsalen<\/span><span style=\"font-weight: 400\"><br \/><\/span><span style=\"font-weight: 400\">Kl. 21:30 Teaterkro med underholdning &#8211; Kulturhuset Banken \u2013 Festsalen<\/span><\/p>\n<p><b>S\u00d8NDAG 17. september<\/b><br \/>10:00 Kursene starter &#8211; Lillehammer L\u00e6ringssenter<br \/>11.00 Eventyrsamlerens elskerinne med Teater Leven &#8211; Kulturhuset Banken Holb\u00f8salen. Forestilling og kunstnersamtale.<br \/>Kl. 14:00\u00a0Kursene avsluttes<br \/>Kl. 14:15 Felles lunsj<br \/>Kl. 14:45 Smakebiter fra kursene &#8211; Kulturhuset Banken \u2013\u00a0 Kafeen<br \/>Kl. 15:30 Maestro &#8211; Kulturhuset Banken \u2013 Festsalen<br \/>Kl. 16:30\u00a0 Takk for i \u00e5r og vel hjem<\/p>\n<p><span style=\"font-weight: 400\"><strong><\/strong><\/span><\/p>\n<p><span style=\"font-weight: 400\">\u00a0<\/span><\/p>\n<p>[\/et_pb_text][\/et_pb_column][\/et_pb_row][\/et_pb_section]<\/p>\n","protected":false},"excerpt":{"rendered":"<p>Se \u00e5rets program under Teaterdagene 2018<\/p>\n","protected":false},"author":9,"featured_media":0,"parent":0,"menu_order":0,"comment_status":"closed","ping_status":"closed","template":"","meta":{"_acf_changed":false,"_et_pb_use_builder":"on","_et_pb_old_content":"","_et_gb_content_width":"","inline_featured_image":false,"footnotes":""},"categories":[],"tags":[],"class_list":["post-1198","page","type-page","status-publish","hentry"],"acf":[],"_links":{"self":[{"href":"https:\/\/old.natf.no\/td2023\/wp-json\/wp\/v2\/pages\/1198","targetHints":{"allow":["GET"]}}],"collection":[{"href":"https:\/\/old.natf.no\/td2023\/wp-json\/wp\/v2\/pages"}],"about":[{"href":"https:\/\/old.natf.no\/td2023\/wp-json\/wp\/v2\/types\/page"}],"author":[{"embeddable":true,"href":"https:\/\/old.natf.no\/td2023\/wp-json\/wp\/v2\/users\/9"}],"replies":[{"embeddable":true,"href":"https:\/\/old.natf.no\/td2023\/wp-json\/wp\/v2\/comments?post=1198"}],"version-history":[{"count":0,"href":"https:\/\/old.natf.no\/td2023\/wp-json\/wp\/v2\/pages\/1198\/revisions"}],"wp:attachment":[{"href":"https:\/\/old.natf.no\/td2023\/wp-json\/wp\/v2\/media?parent=1198"}],"wp:term":[{"taxonomy":"category","embeddable":true,"href":"https:\/\/old.natf.no\/td2023\/wp-json\/wp\/v2\/categories?post=1198"},{"taxonomy":"post_tag","embeddable":true,"href":"https:\/\/old.natf.no\/td2023\/wp-json\/wp\/v2\/tags?post=1198"}],"curies":[{"name":"wp","href":"https:\/\/api.w.org\/{rel}","templated":true}]}}