{"id":1179,"date":"2018-05-16T14:07:38","date_gmt":"2018-05-16T12:07:38","guid":{"rendered":"https:\/\/natfno.wpengine.com\/td2023\/?page_id=1179"},"modified":"2023-07-13T08:55:29","modified_gmt":"2023-07-13T06:55:29","slug":"teatersminke","status":"publish","type":"page","link":"https:\/\/old.natf.no\/td2023\/teatersminke\/","title":{"rendered":"Teatersminke"},"content":{"rendered":"<p>[et_pb_section fb_built=&raquo;1&#8243; _builder_version=&raquo;4.16&#8243; global_colors_info=&raquo;{}&raquo;][et_pb_row column_structure=&raquo;3_4,1_4&#8243; _builder_version=&raquo;4.16&#8243; background_size=&raquo;initial&raquo; background_position=&raquo;top_left&raquo; background_repeat=&raquo;repeat&raquo; global_colors_info=&raquo;{}&raquo;][et_pb_column type=&raquo;3_4&#8243; _builder_version=&raquo;4.16&#8243; custom_padding=&raquo;|||&raquo; global_colors_info=&raquo;{}&raquo; custom_padding__hover=&raquo;|||&raquo;][et_pb_text _builder_version=&raquo;4.16&#8243; global_colors_info=&raquo;{}&raquo;]<\/p>\n<h2><strong>Teatersminke<\/strong><\/h2>\n<p>[\/et_pb_text][et_pb_text _builder_version=&raquo;4.21.0&#8243; global_colors_info=&raquo;{}&raquo;]<\/p>\n<p><span style=\"font-weight: 400\">Velkommen til et l\u00e6rerikt og morsomt kurs i teatersminke. Har du lyst til \u00e5 l\u00e6re hvordan man gj\u00f8r skuespillere slemme, snille, syke, slue, onde eller yngre til scenebruk? Vil du l\u00e6re \u00e5 sette p\u00e5 parykk p\u00e5 en profesjonell m\u00e5te og finne l\u00f8sninger til ulike metoder for bruk av l\u00f8sh\u00e5r? Vil du vite hvordan man kan sminke en skuespiller fra jente til gutt og samtidig l\u00e6re enkle troverdige metoder for \u00e5 sminke p\u00e5 bart\/skjegg og buskete \u00f8yebryn? Da er dette kurset perfekt for deg.<\/p>\n<p>]<img loading=\"lazy\" decoding=\"async\" src=\"https:\/\/old.natf.no\/td2023\/wp-content\/uploads\/sites\/11\/2023\/06\/Sminkekurs-300x300.jpeg\" width=\"300\" height=\"300\" alt=\"\" class=\"wp-image-1619 size-medium\" \/> <br \/>Fra sminkekurs i 2018. Slem\/snill. Smink\u00f8r: Maria Zahl<br \/><\/span><\/p>\n<p><span style=\"font-weight: 400\">Det vil ogs\u00e5 bli demo p\u00e5 branns\u00e5r, skrubbs\u00e5r, blemmer, kutt, bl\u00e5merker og s\u00e5r man kan forberede f\u00f8r en forestilling og lime p\u00e5 raskt. Du vil f\u00e5 praktiske oppgaver og m\u00e5 selv medbringe sminkekofferten til laget ditt.<\/span><\/p>\n<p><span style=\"font-weight: 400\">Husk \u00e5 kle deg i arbeidst\u00f8y som t\u00e5ler \u00e5 bli s\u00f8lt p\u00e5 samt ta med h\u00e5ndkle og renseprodukter (sminkefjerner og v\u00e5tservietter.)<br \/><\/span><\/p>\n<p><span style=\"font-weight: 400\">Kofferten din b\u00f8r inneholde basic teatersminke som fettfarger i ulike toner, transparent pudder, pudderputer, svamper, \u00f8yeskygger, mascara, eyeliner, leppestifter, qleenex, Q-tips, lateksmelk og vaselin.<\/span><\/p>\n<p><span style=\"font-weight: 400\">Husk \u00e5 merke penslene dine slik at du ikke blander de med de andre kursdeltagerene.<br \/><\/span><\/p>\n<p><span style=\"font-weight: 400\"><img loading=\"lazy\" decoding=\"async\" src=\"https:\/\/old.natf.no\/td2023\/wp-content\/uploads\/sites\/11\/2023\/06\/Maria-Zahl-300x239.jpeg\" width=\"300\" height=\"239\" alt=\"\" class=\"wp-image-1620 alignnone size-medium\" \/><\/span><\/p>\n<p><span style=\"font-weight: 400\"><br \/>Kursholder: <span>Maria Zahl er utdannet mask\u00f8r og parykkmaker med svennebrev fra Det Norske Teatret. Hun har 20 \u00e5rs erfaring fra teaterbransjen og har jobbet i flere \u00e5r p\u00e5 Det Norske teatret, Nationaltheatret, Oslo Nye og Den Norske Opera &amp; Ballett.<\/span><\/p>\n<p><\/span><\/p>\n<p>&nbsp;<\/p>\n<p>[\/et_pb_text][et_pb_text _builder_version=&raquo;4.16&#8243; global_colors_info=&raquo;{}&raquo;][\/et_pb_text][\/et_pb_column][et_pb_column type=&raquo;1_4&#8243; _builder_version=&raquo;4.16&#8243; custom_padding=&raquo;|||&raquo; global_colors_info=&raquo;{}&raquo; custom_padding__hover=&raquo;|||&raquo;][et_pb_text _builder_version=&raquo;4.16&#8243; global_colors_info=&raquo;{}&raquo;]<\/p>\n<h2 style=\"text-align: center\"><strong>Kursoversikt<\/strong><\/h2>\n<p>[\/et_pb_text][et_pb_sidebar area=&raquo;et_pb_widget_area_2&#8243; _builder_version=&raquo;4.16&#8243; global_colors_info=&raquo;{}&raquo;][\/et_pb_sidebar][et_pb_button button_url=&raquo;@ET-DC@eyJkeW5hbWljIjp0cnVlLCJjb250ZW50IjoicG9zdF9saW5rX3VybF9wYWdlIiwic2V0dGluZ3MiOnsicG9zdF9pZCI6IjU5NSJ9fQ==@&raquo; button_text=&raquo;P\u00e5melding&raquo; _builder_version=&raquo;4.21.0&#8243; _dynamic_attributes=&raquo;button_url&raquo; custom_margin=&raquo;||20px|||&raquo; global_colors_info=&raquo;{}&raquo; button_text_size__hover_enabled=&raquo;off&raquo; button_one_text_size__hover_enabled=&raquo;off&raquo; button_two_text_size__hover_enabled=&raquo;off&raquo; button_text_color__hover_enabled=&raquo;off&raquo; button_one_text_color__hover_enabled=&raquo;off&raquo; button_two_text_color__hover_enabled=&raquo;off&raquo; button_border_width__hover_enabled=&raquo;off&raquo; button_one_border_width__hover_enabled=&raquo;off&raquo; button_two_border_width__hover_enabled=&raquo;off&raquo; button_border_color__hover_enabled=&raquo;off&raquo; button_one_border_color__hover_enabled=&raquo;off&raquo; button_two_border_color__hover_enabled=&raquo;off&raquo; button_border_radius__hover_enabled=&raquo;off&raquo; button_one_border_radius__hover_enabled=&raquo;off&raquo; button_two_border_radius__hover_enabled=&raquo;off&raquo; button_letter_spacing__hover_enabled=&raquo;off&raquo; button_one_letter_spacing__hover_enabled=&raquo;off&raquo; button_two_letter_spacing__hover_enabled=&raquo;off&raquo; button_bg_color__hover_enabled=&raquo;off&raquo; button_one_bg_color__hover_enabled=&raquo;off&raquo; button_two_bg_color__hover_enabled=&raquo;off&raquo; global_module=&raquo;1680&#8243; theme_builder_area=&raquo;post_content&raquo;][\/et_pb_button][\/et_pb_column][\/et_pb_row][\/et_pb_section]<\/p>\n","protected":false},"excerpt":{"rendered":"<p>Den beste m\u00e5ten \u00e5 l\u00e6re \u00e5 synge p\u00e5, er \u00e5 synge! Velkommen til en energisk reise gjennom forskjellige sjangre. Kurset inneholder repertoar fra GOSPEL, MUSIKAL, og POP.<\/p>\n","protected":false},"author":9,"featured_media":0,"parent":0,"menu_order":0,"comment_status":"closed","ping_status":"closed","template":"","meta":{"_acf_changed":false,"_et_pb_use_builder":"on","_et_pb_old_content":"","_et_gb_content_width":"","inline_featured_image":false,"footnotes":""},"categories":[26],"tags":[],"class_list":["post-1179","page","type-page","status-publish","hentry","category-kurs"],"acf":[],"_links":{"self":[{"href":"https:\/\/old.natf.no\/td2023\/wp-json\/wp\/v2\/pages\/1179","targetHints":{"allow":["GET"]}}],"collection":[{"href":"https:\/\/old.natf.no\/td2023\/wp-json\/wp\/v2\/pages"}],"about":[{"href":"https:\/\/old.natf.no\/td2023\/wp-json\/wp\/v2\/types\/page"}],"author":[{"embeddable":true,"href":"https:\/\/old.natf.no\/td2023\/wp-json\/wp\/v2\/users\/9"}],"replies":[{"embeddable":true,"href":"https:\/\/old.natf.no\/td2023\/wp-json\/wp\/v2\/comments?post=1179"}],"version-history":[{"count":0,"href":"https:\/\/old.natf.no\/td2023\/wp-json\/wp\/v2\/pages\/1179\/revisions"}],"wp:attachment":[{"href":"https:\/\/old.natf.no\/td2023\/wp-json\/wp\/v2\/media?parent=1179"}],"wp:term":[{"taxonomy":"category","embeddable":true,"href":"https:\/\/old.natf.no\/td2023\/wp-json\/wp\/v2\/categories?post=1179"},{"taxonomy":"post_tag","embeddable":true,"href":"https:\/\/old.natf.no\/td2023\/wp-json\/wp\/v2\/tags?post=1179"}],"curies":[{"name":"wp","href":"https:\/\/api.w.org\/{rel}","templated":true}]}}