{"id":1331,"date":"2018-05-24T09:44:53","date_gmt":"2018-05-24T07:44:53","guid":{"rendered":"https:\/\/natfno.wpengine.com\/td2018\/?page_id=1331"},"modified":"2018-06-28T14:46:56","modified_gmt":"2018-06-28T12:46:56","slug":"fabrikkenseminaret","status":"publish","type":"page","link":"https:\/\/old.natf.no\/td2018\/fabrikkenseminaret\/","title":{"rendered":"Fabrikkenseminaret"},"content":{"rendered":"<p>[et_pb_section bb_built=&raquo;1&#8243;][et_pb_row][et_pb_column type=&raquo;1_3&#8243;][et_pb_image _builder_version=&raquo;3.0.106&#8243; src=&raquo;https:\/\/old.natf.no\/td2018\/wp-content\/uploads\/sites\/9\/2018\/06\/Fabrikkseminaret.jpg&raquo; show_in_lightbox=&raquo;off&raquo; url_new_window=&raquo;off&raquo; use_overlay=&raquo;off&raquo; always_center_on_mobile=&raquo;on&raquo; force_fullwidth=&raquo;off&raquo; show_bottom_space=&raquo;on&raquo; \/][et_pb_map _builder_version=&raquo;3.0.106&#8243; mouse_wheel=&raquo;on&raquo; mobile_dragging=&raquo;on&raquo; use_grayscale_filter=&raquo;off&raquo; address=&raquo;L\u00f8kkegata 9, 2615 Lillehammer, Norge&raquo; address_lat=&raquo;61.1183165&#8243; address_lng=&raquo;10.455616400000054&#8243;][et_pb_map_pin _builder_version=&raquo;3.0.106&#8243; title=&raquo;Fabrikken&raquo; pin_address=&raquo;L\u00f8kkegata 9, 2615 Lillehammer, Norge&raquo; pin_address_lat=&raquo;61.1183165&#8243; pin_address_lng=&raquo;10.455616400000054&#8243;]<\/p>\n<p>Fabrikkenseminaret 2018<\/p>\n<p>[\/et_pb_map_pin][\/et_pb_map][\/et_pb_column][et_pb_column type=&raquo;1_3&#8243;][et_pb_text _builder_version=&raquo;3.0.106&#8243; background_layout=&raquo;light&raquo;]<\/p>\n<h2><strong>Fabrikkenseminaret<\/strong><\/h2>\n<p>[\/et_pb_text][et_pb_text _builder_version=&raquo;3.0.106&#8243; background_layout=&raquo;light&raquo;]<\/p>\n<p><strong><b>Velkommen til Fabrikkenseminaret p\u00e5 Lillehammer <\/b><br \/>\n21. september 2018 |\u00a0kl. 09.00 \u2013 16.00<\/strong><\/p>\n<p>Er du opptatt av kreative og nyskapende n\u00e6ringer, steds- og byutvikling, samarbeid, innovasjon eller coworking? Er du praktiker, administrator, politiker, forsker, student eller rett og slett nysgjerrig? Da er du i m\u00e5lgruppa for Fabrikkenseminaret, en viktig m\u00f8teplass for deg som vil noe med kulturelle, kreative og nyskapende n\u00e6ringer i Norge.<\/p>\n<p>&nbsp;<\/p>\n<p>[\/et_pb_text][\/et_pb_column][et_pb_column type=&raquo;1_3&#8243;][et_pb_text _builder_version=&raquo;3.0.106&#8243; background_layout=&raquo;light&raquo;]<\/p>\n<p><a href=\"https:\/\/www.fabrikken.org\/nb\/hva-skjer\/fabrikkenseminar\" target=\"_blank\" rel=\"noopener\"><strong>P\u00c5MELDING OG MER INFO OM FABRIKKSEMINARET\u00a0<\/strong><\/a><br \/>\n<strong>Pris:<\/strong><br \/>\nkr. 700,-<\/p>\n<p><strong>Velkommen til Nettverksvorspiel<br \/>\n20. september 2018 |\u00a0fra kl. 19.00<br \/>\n<\/strong><br \/>\n20. september 2018 fra kl. 19.00 inviteres coworkingmilj\u00f8 til nettverksvorspiel. Mer info f\u00f8lger!<\/p>\n<p><strong>Samarbeidspartnere:<\/strong><br \/>\n\u2022 Fabrikken<br \/>\n\u2022 Kunnskapsverket<br \/>\n\u2022 Blender Collective<br \/>\n\u2022 Norsk Amat\u00f8rteaterforbund<br \/>\n\u2022 Lillehammer kommune<br \/>\n\u2022 Tyrilisenteret<br \/>\n\u2022 Lillehammer Vandrehjem Stasjonen<\/p>\n<p>[\/et_pb_text][\/et_pb_column][\/et_pb_row][et_pb_row][et_pb_column type=&raquo;4_4&#8243;][et_pb_text _builder_version=&raquo;3.0.106&#8243; background_layout=&raquo;light&raquo;]<\/p>\n<p><strong>Coworking p\u00e5 norsk \u2013 hva skal det hete og hva skal det v\u00e6re?<\/strong><br \/>\nFabrikkenseminaret arrangeres i \u00e5r for tredje gang \u2013 og er n\u00e5 utvidet til samarbeid med den flotte gjengen i <a href=\"https:\/\/www.blendercollective.no\/\" target=\"_blank\" rel=\"noopener\">Blender Collective<\/a> i \u00d8stfold, som i l\u00f8pet av kort tid har etablert tre samlokaliseringer; kjente Hydrogenfabrikken i Fredrikstad, og n\u00e5 ogs\u00e5 i Moss og Halden. Det er supert, for n\u00e5 \u00f8nsker vi \u00e5 samle alle coworkingkolleger fra hele landet til samarbeid, for \u00e5 finne en felles plattform, hvor vi kan synes, h\u00f8res og samarbeide bedre. Hva inneb\u00e6rer coworking \u2013 p\u00e5 norsk? Er det et nytt navn p\u00e5 et ganske gammelt konsept? Hvordan passer slike urbane modeller i norsk ruralitet? Hvordan oppst\u00e5rsamskaping og innovasjon i slike milj\u00f8? Og hva betyr coworking-ledelse? Vi er mange og blir stadig flere som n\u00e5 \u00f8nsker \u00e5 tenke sammen og l\u00e6re av hverandre!<\/p>\n<p>Til \u00e5 belyse en av de raskest voksende trendene innenfor kulturelle og kreative n\u00e6ringer f\u00e5r vi bes\u00f8k av flere ledende internasjonale forskere og eksperter. <a href=\"https:\/\/www.linkedin.com\/in\/anita-fuzi\/\" target=\"_blank\" rel=\"noopener\">Dr. Anita Fuzi<\/a>, Ungarn, coworkingkonsulent tilknyttet i det europeiske nettverket CoWork7x24 vil snakke om <em>The Concept of Coworking spaces in the entrepreneurial landscape of economically challenged regions<\/em>. <a href=\"https:\/\/twitter.com\/damianmears?lang=nl\" target=\"_blank\" rel=\"noopener\">Damian Mears<\/a>, London, strategikonsulent fra coworkingkonsulentene Third Space Group, innleder om <em>Workplace-as-a-Service and how to score it&#8217;s success<\/em>.<\/p>\n<p>Vi f\u00e5r h\u00f8re om ulike erfaringer, suksesshistorier og utfordringer fra norske coworking-konsept, blant andre <a href=\"https:\/\/verketfablab.no\/\" target=\"_blank\" rel=\"noopener\">Fablab Verket<\/a> i Moss, <a href=\"https:\/\/fjellflyt.no\/beta\/\" target=\"_blank\" rel=\"noopener\">BETA<\/a> i V\u00e5g\u00e5 og <a href=\"http:\/\/work-work.no\/\" target=\"_blank\" rel=\"noopener\">Work-Work<\/a> i Trondheim. Og det blir paneldebatt.<\/p>\n<p><strong>Fra forskningsfronten \u2013 med motkultur som kapital<\/strong><br \/>\n<a href=\"https:\/\/kunnskapsverket.org\/\" target=\"_blank\" rel=\"noopener\">Kunnskapsverket<\/a> (Nasjonalt senter for kulturelle n\u00e6ringer) er fast samarbeidspartner forFabrikkenseminaret. I seminarets andre del sp\u00f8r vi hva aktuelle funn fra forskning kan og b\u00f8r bety for utforming av politikk og praksis regionalt og nasjonalt? I \u00e5r snakker vi blant annet om subkulturer som endringsmotor i dagens samfunn. Hvor viktige er de for n\u00e6ringen? Hvilken status har de som premissleverand\u00f8rer?<\/p>\n<p><a href=\"https:\/\/www.hioa.no\/tilsatt\/toin\" target=\"_blank\" rel=\"noopener\">Ingrid Tolstad<\/a>, sosialantropolog og forsker ved AFI\/OsloMet snakker om <em>Om de som putter kul tilbake i kultur<\/em>. Samfunnsgeograf, <a href=\"https:\/\/twitter.com\/pauljsweetman\" target=\"_blank\" rel=\"noopener\">Dr. Paul Sweetman<\/a> fra Kings College i London bidrar med <em>Turning Rebellion into Money? Subcultures and the experience and branding of place and fashion<\/em>. Forskerne <a href=\"http:\/\/www.ostforsk.no\/author\/iveta\/\" target=\"_blank\" rel=\"noopener\">Iveta Malasevska<\/a> og <a href=\"http:\/\/www.ostforsk.no\/author\/birgitta\/\" target=\"_blank\" rel=\"noopener\">Birgitta Ericsson<\/a> fra \u00d8stlandsforskning presenterer status for kulturn\u00e6ringenes \u00f8konomiske geografi eller <em>Skjer det noe uttafor Oslo?<\/em><\/p>\n<p><strong>Elefanten i rommet<\/strong><br \/>\n<a href=\"https:\/\/old.natf.no\/td2018\/\" target=\"_blank\" rel=\"noopener\">Teaterdagene<\/a> er ogs\u00e5 fast samarbeidspartner for Fabrikkenseminaret, i \u00e5r med temaet Elefanten i Rommet som helt sikkert vil dukke opp under seminaret. Vi f\u00e5r dessuten f\u00f8lge med slampoet Fredrik H\u00f8jer som vil vekke oss opp n\u00e5r det trengs.<\/p>\n<p>Dagens konferansier er <a href=\"https:\/\/www.dagensperspektiv.no\/synspunkt\/esben-hoff\" target=\"_blank\" rel=\"noopener\">Esben Hoff<\/a>, kommunikasjonsr\u00e5dgiver i Kunnskapsverket.<\/p>\n<p>[\/et_pb_text][\/et_pb_column][\/et_pb_row][\/et_pb_section]<\/p>\n","protected":false},"excerpt":{"rendered":"<p>Her finner du informasjon om Fabrikkenseminaret 2018<\/p>\n","protected":false},"author":9,"featured_media":0,"parent":0,"menu_order":0,"comment_status":"closed","ping_status":"closed","template":"","meta":{"_acf_changed":false,"_et_pb_use_builder":"on","_et_pb_old_content":"","_et_gb_content_width":"","inline_featured_image":false,"footnotes":""},"categories":[],"tags":[],"class_list":["post-1331","page","type-page","status-publish","hentry"],"acf":[],"_links":{"self":[{"href":"https:\/\/old.natf.no\/td2018\/wp-json\/wp\/v2\/pages\/1331","targetHints":{"allow":["GET"]}}],"collection":[{"href":"https:\/\/old.natf.no\/td2018\/wp-json\/wp\/v2\/pages"}],"about":[{"href":"https:\/\/old.natf.no\/td2018\/wp-json\/wp\/v2\/types\/page"}],"author":[{"embeddable":true,"href":"https:\/\/old.natf.no\/td2018\/wp-json\/wp\/v2\/users\/9"}],"replies":[{"embeddable":true,"href":"https:\/\/old.natf.no\/td2018\/wp-json\/wp\/v2\/comments?post=1331"}],"version-history":[{"count":0,"href":"https:\/\/old.natf.no\/td2018\/wp-json\/wp\/v2\/pages\/1331\/revisions"}],"wp:attachment":[{"href":"https:\/\/old.natf.no\/td2018\/wp-json\/wp\/v2\/media?parent=1331"}],"wp:term":[{"taxonomy":"category","embeddable":true,"href":"https:\/\/old.natf.no\/td2018\/wp-json\/wp\/v2\/categories?post=1331"},{"taxonomy":"post_tag","embeddable":true,"href":"https:\/\/old.natf.no\/td2018\/wp-json\/wp\/v2\/tags?post=1331"}],"curies":[{"name":"wp","href":"https:\/\/api.w.org\/{rel}","templated":true}]}}