{"id":1198,"date":"2018-04-26T14:12:03","date_gmt":"2018-04-26T12:12:03","guid":{"rendered":"https:\/\/natfno.wpengine.com\/td2018\/?page_id=1198"},"modified":"2018-08-20T09:37:39","modified_gmt":"2018-08-20T07:37:39","slug":"program","status":"publish","type":"page","link":"https:\/\/old.natf.no\/td2018\/program\/","title":{"rendered":"Program"},"content":{"rendered":"<p>[et_pb_section bb_built=&raquo;1&#8243; _builder_version=&raquo;3.0.106&#8243; background_color=&raquo;rgba(255,255,255,0.5)&raquo;][et_pb_row][et_pb_column type=&raquo;4_4&#8243;][et_pb_text _builder_version=&raquo;3.0.106&#8243; background_layout=&raquo;light&raquo;]<\/p>\n<h1><strong>Program Teaterdagene 2018<\/strong><\/h1>\n<p>[\/et_pb_text][\/et_pb_column][\/et_pb_row][et_pb_row][et_pb_column type=&raquo;1_2&#8243;][et_pb_text _builder_version=&raquo;3.0.106&#8243; background_layout=&raquo;light&raquo;]<\/p>\n<h5><strong>Fredag 21. september<\/strong><\/h5>\n<p><strong>kl. 09:00\u00a0<\/strong> \u00a0<a href=\"https:\/\/old.natf.no\/td2018\/fabrikkenseminaret\/\" target=\"_blank\" rel=\"noopener\">Fabrikkenseminaret,<\/a> avsluttes kl. 16:00<br \/>\n<strong>kl. 17:00\u00a0<\/strong> \u00a0Sekretariatet \u00e5pner &#8211; innsjekking<br \/>\n<strong>kl. 18:45<\/strong>\u00a0 \u00a0Felles avgang til kurslokalene<br \/>\n<strong>kl. 19:00<\/strong>\u00a0 \u00a0Kursene starter<br \/>\n<strong>kl. 21:00\u00a0<\/strong> \u00a0Kursene avsluttes for dagen<br \/>\n<strong>kl. 21:30<\/strong>\u00a0 \u00a0Offisiell \u00e5pning av Teaterdagene 2018<br \/>\n&#8211; K\u00e5ring av \u00e5rets B\u00f8hrre<br \/>\n&#8211; \u00c5pningsforestillingen <a href=\"https:\/\/old.natf.no\/td2018\/james-bond\/\" target=\"_blank\" rel=\"noopener\">&laquo;James Bond&raquo;<\/a> med Feil Teater<br \/>\n<strong>kl. 23:00<\/strong>\u00a0 \u00a0Teaterkro (Caf\u00e8 Stift, Kulturhuset Banken)<\/p>\n<p>[\/et_pb_text][et_pb_text _builder_version=&raquo;3.0.106&#8243; background_layout=&raquo;light&raquo;]<\/p>\n<h5><strong>L\u00f8rdag 22. september<\/strong><\/h5>\n<p><strong>kl. 09:00<\/strong>\u00a0 \u00a0Kursene starter<br \/>\n<strong>kl. 12:00<\/strong>\u00a0 \u00a0Felles lunsj<br \/>\n<strong>kl. 13:00<\/strong>\u00a0 \u00a0&laquo;<a href=\"https:\/\/old.natf.no\/td2018\/skrablikk-pa-krenking\/\" target=\"_blank\" rel=\"noopener\">Skr\u00e5blikk p\u00e5 krenking&raquo;<\/a> med Dag S\u00f8r\u00e5s (Festsalen, Kulturhuset Banken)<br \/>\n<strong>kl. 14:00<\/strong>\u00a0 \u00a0Kursene fortsetter og <a href=\"https:\/\/old.natf.no\/td2018\/nm-teatersport\/\">innledende runder<\/a> NM Teatersport starter<br \/>\n<strong>kl. 18:00<\/strong> \u00a0 Kursene avsluttes for dagen<br \/>\n<strong>kl. 18:00<\/strong>\u00a0 \u00a0Teaterkro (Caf\u00e8 Stift, Kulturhuset Banken)<br \/>\n<strong>kl. 20:00<\/strong>\u00a0 \u00a0Bronsefinale og finale i <a href=\"https:\/\/old.natf.no\/td2018\/nm-teatersport\/\" target=\"_blank\" rel=\"noopener\">NM Teatersport\u2122<\/a><br \/>\n<strong>kl. 21:30<\/strong>\u00a0 \u00a0Teaterkro (Caf\u00e8 Stift, Kulturhuset Banken)<\/p>\n<p>[\/et_pb_text][\/et_pb_column][et_pb_column type=&raquo;1_2&#8243;][et_pb_text _builder_version=&raquo;3.0.106&#8243; background_layout=&raquo;light&raquo;]<\/p>\n<h5><strong>S\u00f8ndag 23. september<\/strong><\/h5>\n<p><strong>kl. 10:00<\/strong>\u00a0 \u00a0Kursene starter<br \/>\n<strong>kl. 13:00<\/strong>\u00a0 \u00a0Kursene avsluttes<br \/>\n<strong>kl. 13:15<\/strong>\u00a0 \u00a0Felles lunsj<br \/>\n<strong>kl. 14:00<\/strong>\u00a0 \u00a0Smakebiter fra kursene<br \/>\n<strong>kl. 14:45<\/strong>\u00a0 \u00a0Avslutningsforestilling<br \/>\n<a href=\"https:\/\/old.natf.no\/td2018\/hjelp-jeg-er-fri-fri-til-hva\/\" target=\"_blank\" rel=\"noopener\">&laquo;Fengselsfuglene &#8211; hjelp jeg er fri &#8211; fri til hva?&raquo;<\/a><\/p>\n<p>[\/et_pb_text][et_pb_text _builder_version=&raquo;3.0.106&#8243; background_layout=&raquo;light&raquo;]<\/p>\n<p><strong>NB! Programmet er under kontinuerlig utvikling og nye innfall kan dukke opp. F\u00f8lg med!<\/strong><\/p>\n<p>[\/et_pb_text][\/et_pb_column][\/et_pb_row][\/et_pb_section]<\/p>\n","protected":false},"excerpt":{"rendered":"<p>Se \u00e5rets program under Teaterdagene 2018<\/p>\n","protected":false},"author":9,"featured_media":0,"parent":0,"menu_order":0,"comment_status":"closed","ping_status":"closed","template":"","meta":{"_acf_changed":false,"_et_pb_use_builder":"on","_et_pb_old_content":"","_et_gb_content_width":"","inline_featured_image":false,"footnotes":""},"categories":[],"tags":[],"class_list":["post-1198","page","type-page","status-publish","hentry"],"acf":[],"_links":{"self":[{"href":"https:\/\/old.natf.no\/td2018\/wp-json\/wp\/v2\/pages\/1198","targetHints":{"allow":["GET"]}}],"collection":[{"href":"https:\/\/old.natf.no\/td2018\/wp-json\/wp\/v2\/pages"}],"about":[{"href":"https:\/\/old.natf.no\/td2018\/wp-json\/wp\/v2\/types\/page"}],"author":[{"embeddable":true,"href":"https:\/\/old.natf.no\/td2018\/wp-json\/wp\/v2\/users\/9"}],"replies":[{"embeddable":true,"href":"https:\/\/old.natf.no\/td2018\/wp-json\/wp\/v2\/comments?post=1198"}],"version-history":[{"count":0,"href":"https:\/\/old.natf.no\/td2018\/wp-json\/wp\/v2\/pages\/1198\/revisions"}],"wp:attachment":[{"href":"https:\/\/old.natf.no\/td2018\/wp-json\/wp\/v2\/media?parent=1198"}],"wp:term":[{"taxonomy":"category","embeddable":true,"href":"https:\/\/old.natf.no\/td2018\/wp-json\/wp\/v2\/categories?post=1198"},{"taxonomy":"post_tag","embeddable":true,"href":"https:\/\/old.natf.no\/td2018\/wp-json\/wp\/v2\/tags?post=1198"}],"curies":[{"name":"wp","href":"https:\/\/api.w.org\/{rel}","templated":true}]}}