{"id":525,"date":"2017-05-15T15:03:18","date_gmt":"2017-05-15T13:03:18","guid":{"rendered":"https:\/\/natfno.wpengine.com\/td2017\/?page_id=525"},"modified":"2017-08-23T10:52:56","modified_gmt":"2017-08-23T08:52:56","slug":"klatring","status":"publish","type":"page","link":"https:\/\/old.natf.no\/td2017\/uttrykk-og-karakterarbeid-gjennom-dans-2\/klatring\/","title":{"rendered":"Klatring"},"content":{"rendered":"<p>[et_pb_section bb_built=&raquo;1&#8243; admin_label=&raquo;Seksjon&raquo; fullwidth=&raquo;off&raquo; specialty=&raquo;off&raquo;][et_pb_row admin_label=&raquo;Rad&raquo;][et_pb_column type=&raquo;2_3&#8243;][et_pb_text admin_label=&raquo;Tekst&raquo; background_layout=&raquo;light&raquo; text_orientation=&raquo;left&raquo; use_border_color=&raquo;off&raquo; border_color=&raquo;#ffffff&raquo; border_style=&raquo;solid&raquo;]<\/p>\n<p>Hva med en helg med klatring og teater?<br \/>\nI samarbeid med Tyrili klatresenter tilbyr vi et eget klatrekurs over \u00e5tte timer, som kvalifiserer for NKFs Grunnkurs.<\/p>\n<p>Kurset holdes l\u00f8rdag 16. og s\u00f8ndag 17. september fra kl 12:00 til kl 16:00, som betyr at du ogs\u00e5 kan f\u00e5 meg deg litt teater eller NM i Teatersport, om du vil. Og vil du bare klatre, velkommen skal du v\u00e6re!<br \/>\nDeltagere m\u00e5 ha fylt 13 \u00e5r innen siste kursdag. Deltagere under 18 \u00e5r m\u00e5 ha foresattes samtykke for \u00e5 delta p\u00e5 kurset.\u00a0 Det trengs ingen klatreerfaring fra f\u00f8r.<\/p>\n<p>Ved \u00e5 ta dette kurset hos oss skal du kunne v\u00e6re i stand til \u00e5 klatre innend\u00f8rs p\u00e5 egen h\u00e5nd. Vi l\u00e6rer deg nok om sikringsteknikk og opptreden til \u00e5 kunne ta vare p\u00e5 din egen og medklatrernes sikkerhet. Du l\u00e6rer om den potensielle fare som er forbundet med klatring, samt gj\u00f8r deg godt skikket til \u00e5 ta Brattkort etter kurset.\u00a0 Vi gir deg ogs\u00e5 en innf\u00f8ring i enkel klatreteknikk.<\/p>\n<p>Kurset holdes p\u00e5 Tyrilisentret i Anders Johansensvei 10, rett ved Fabrikken<\/p>\n<p>[\/et_pb_text][\/et_pb_column][et_pb_column type=&raquo;1_3&#8243;][et_pb_text admin_label=&raquo;Tekst&raquo; background_layout=&raquo;light&raquo; text_orientation=&raquo;left&raquo; use_border_color=&raquo;off&raquo; border_color=&raquo;#ffffff&raquo; border_style=&raquo;solid&raquo;]<\/p>\n<p style=\"text-align: center;\">TYRYLI KLATRING<\/p>\n<p style=\"text-align: center;\">Tyrili Klatring har flere autoriserte instrukt\u00f8rer med lang erfaring. Klatring er en risikofylt aktivitet, og kunnskap er n\u00f8dvendig for \u00e5 ut\u00f8ve aktiviteten p\u00e5 en forsvarlig m\u00e5te. For klatring i tau er det et krav p\u00e5 Tyrili at den som sikrer kan dokumentere \u00e5 ha den n\u00f8dvendige kompetansen ved \u00e5 vise frem et ferdighetsbevis i form av Topptaukort eller Ledkort.<\/p>\n<p>&nbsp;<\/p>\n<p>[\/et_pb_text][\/et_pb_column][\/et_pb_row][\/et_pb_section]<\/p>\n","protected":false},"excerpt":{"rendered":"<p>Hva med en helg med klatring og teater?<br \/>\nI samarbeid med Tyrili klatresenter tilbyr vi et eget klatrekurs over \u00e5tte timer, som kvalifiserer for NKFs Grunnkurs.<\/p>\n","protected":false},"author":9,"featured_media":587,"parent":124,"menu_order":0,"comment_status":"closed","ping_status":"closed","template":"","meta":{"_acf_changed":false,"_et_pb_use_builder":"on","_et_pb_old_content":"","_et_gb_content_width":"","inline_featured_image":false,"footnotes":""},"categories":[26],"tags":[],"class_list":["post-525","page","type-page","status-publish","has-post-thumbnail","hentry","category-kurs"],"acf":[],"_links":{"self":[{"href":"https:\/\/old.natf.no\/td2017\/wp-json\/wp\/v2\/pages\/525","targetHints":{"allow":["GET"]}}],"collection":[{"href":"https:\/\/old.natf.no\/td2017\/wp-json\/wp\/v2\/pages"}],"about":[{"href":"https:\/\/old.natf.no\/td2017\/wp-json\/wp\/v2\/types\/page"}],"author":[{"embeddable":true,"href":"https:\/\/old.natf.no\/td2017\/wp-json\/wp\/v2\/users\/9"}],"replies":[{"embeddable":true,"href":"https:\/\/old.natf.no\/td2017\/wp-json\/wp\/v2\/comments?post=525"}],"version-history":[{"count":0,"href":"https:\/\/old.natf.no\/td2017\/wp-json\/wp\/v2\/pages\/525\/revisions"}],"up":[{"embeddable":true,"href":"https:\/\/old.natf.no\/td2017\/wp-json\/wp\/v2\/pages\/124"}],"wp:featuredmedia":[{"embeddable":true,"href":"https:\/\/old.natf.no\/td2017\/wp-json\/wp\/v2\/media\/587"}],"wp:attachment":[{"href":"https:\/\/old.natf.no\/td2017\/wp-json\/wp\/v2\/media?parent=525"}],"wp:term":[{"taxonomy":"category","embeddable":true,"href":"https:\/\/old.natf.no\/td2017\/wp-json\/wp\/v2\/categories?post=525"},{"taxonomy":"post_tag","embeddable":true,"href":"https:\/\/old.natf.no\/td2017\/wp-json\/wp\/v2\/tags?post=525"}],"curies":[{"name":"wp","href":"https:\/\/api.w.org\/{rel}","templated":true}]}}