{"id":468,"date":"2017-05-15T14:00:34","date_gmt":"2017-05-15T12:00:34","guid":{"rendered":"https:\/\/natfno.wpengine.com\/td2017\/?page_id=468"},"modified":"2017-08-10T13:12:06","modified_gmt":"2017-08-10T11:12:06","slug":"improvisasjon","status":"publish","type":"page","link":"https:\/\/old.natf.no\/td2017\/uttrykk-og-karakterarbeid-gjennom-dans-2\/improvisasjon\/","title":{"rendered":"Improvisasjon"},"content":{"rendered":"<p>[et_pb_section bb_built=&raquo;1&#8243; admin_label=&raquo;Seksjon&raquo; fullwidth=&raquo;off&raquo; specialty=&raquo;off&raquo;][et_pb_row admin_label=&raquo;Rad&raquo;][et_pb_column type=&raquo;2_3&#8243;][et_pb_text admin_label=&raquo;Tekst&raquo; background_layout=&raquo;light&raquo; text_orientation=&raquo;left&raquo; use_border_color=&raquo;off&raquo; border_color=&raquo;#ffffff&raquo; border_style=&raquo;solid&raquo;]<\/p>\n<p>Ja, og!<\/p>\n<p>Improvisasjon handler om flyt. Vi feirer v\u00e5re feil og bygger videre p\u00e5 hverandres innspill. I dette kurset skal vi trene p\u00e5 spontanitet, lytting (ja, det g\u00e5r an!) og \u00e5 v\u00e5ge trygghet i seg selv og sammen med andre. Improvisasjon er en god og grunnleggende m\u00e5te \u00e5 trene seg i rollen som skuespiller og i samspill; p\u00e5 scenen, privat, p\u00e5 jobb eller i uventa situasjoner.<\/p>\n<p>Kurset er for alle, med eller uten erfaring. Det er spennende, utfordrende og f\u00f8rst og fremst veldig moro. Improvisasjon l\u00e6rer vi gjennom enkle teknikker og \u00f8velser som fremmer v\u00e5r naturlige kreativitet og lekenhet. I tillegg f\u00e5r du bedre kontakt med hele kroppen, fordi improvisasjon ogs\u00e5 kan v\u00e6re en fysisk m\u00e5te \u00e5 spille teater p\u00e5.<\/p>\n<p>Improvisasjon er \u00f8yeblikkets kunst. Mottoet er: Ja, og!, du l\u00e6rer \u00e5 si ja til egne og andres ideer. Dette er med p\u00e5 at historiene vi skaper har framdrift og at relasjoner skapes og utvikles. Du blir en mester i brainstorming, utvikler fantasien og fortellergleden, blir bedre til \u00e5 lytte og v\u00e6re her og\u00a0 n\u00e5. Og som ekstra bonus f\u00e5r du bedre selvtillit og<br \/>\nDu blir bedre til \u00e5 lytte og v\u00e6re tilstede i \u00f8yeblikket, her og m\u00f8ter nye mennesker!<\/p>\n<p>[\/et_pb_text][\/et_pb_column][et_pb_column type=&raquo;1_3&#8243;][et_pb_image admin_label=&raquo;Bilde&raquo; src=&raquo;https:\/\/old.natf.no\/td2017\/wp-content\/uploads\/sites\/8\/2017\/05\/Christina_Hvinden.png&raquo; show_in_lightbox=&raquo;off&raquo; url_new_window=&raquo;off&raquo; use_overlay=&raquo;off&raquo; animation=&raquo;left&raquo; sticky=&raquo;off&raquo; align=&raquo;left&raquo; force_fullwidth=&raquo;off&raquo; always_center_on_mobile=&raquo;on&raquo; use_border_color=&raquo;off&raquo; border_color=&raquo;#ffffff&raquo; border_style=&raquo;solid&raquo; \/][et_pb_text admin_label=&raquo;Tekst&raquo; background_layout=&raquo;light&raquo; text_orientation=&raquo;left&raquo; use_border_color=&raquo;off&raquo; border_color=&raquo;#ffffff&raquo; border_style=&raquo;solid&raquo;]<\/p>\n<p style=\"text-align: center;\"><strong>CHRISTINA HVINDEN<\/strong><\/p>\n<p>Christina Hvinden er skuespiller og instrukt\u00f8r utdannet fra Desmond Jones School of Mime and Physical Theatre og Ecole Mime Corporel Dramatique.\u00a0 Christina startet med improvisasjonsteater da hun studerte Teatervitenskap i Bergen og begynte med impro i 1992.\u00a0 I 2002 ble hun medlem av Oslo Improvisasjonsteater der hun var skuespiller og intrukt\u00f8r. I 6 \u00e5r drev hun Bouvetteatret i Bergen. Teatergruppa hadde blant annet teateroppsetninger p\u00e5 Black Box Teater, BIT-Teatergarasjen og Teaterhuset Avant Garden. Hun har ogs\u00e5 v\u00e6rt med p\u00e5 en rekke oppsetninger og prosjekter i regi av ulike teatergrupper og organisasjoner. De senere \u00e5rene har hun jobbet spesielt mye med teater som verkt\u00f8y i l\u00e6ringsprosesser med fokus p\u00e5 kommunikasjon og samhandling, b\u00e5de i Norge og internasjonalt.<\/p>\n<p>&nbsp;<\/p>\n<p>&nbsp;<\/p>\n<p>[\/et_pb_text][\/et_pb_column][\/et_pb_row][et_pb_row admin_label=&raquo;Rad&raquo;][et_pb_column type=&raquo;4_4&#8243;][et_pb_post_nav admin_label=&raquo;Postnavigering&raquo; in_same_term=&raquo;on&raquo; hide_prev=&raquo;off&raquo; hide_next=&raquo;off&raquo; prev_text=&raquo;Forrige kurs&raquo; next_text=&raquo;Neste kurs&raquo; use_border_color=&raquo;off&raquo; border_color=&raquo;#ffffff&raquo; border_style=&raquo;solid&raquo; \/][\/et_pb_column][\/et_pb_row][\/et_pb_section]<\/p>\n","protected":false},"excerpt":{"rendered":"<p>Improvisasjon handler om flyt. Vi feirer v\u00e5re feil og bygger videre p\u00e5 hverandres innspill. I dette kurset skal vi trene p\u00e5 spontanitet, lytting (ja, det g\u00e5r an!) og \u00e5 v\u00e5ge trygghet i seg selv og sammen med andre. Improvisasjon er en god og grunnleggende m\u00e5te \u00e5 trene seg i rollen som skuespiller og i samspill; p\u00e5 scenen, privat, p\u00e5 jobb eller i uventa situasjoner.<\/p>\n","protected":false},"author":9,"featured_media":284,"parent":124,"menu_order":0,"comment_status":"closed","ping_status":"closed","template":"","meta":{"_acf_changed":false,"_et_pb_use_builder":"on","_et_pb_old_content":"","_et_gb_content_width":"","inline_featured_image":false,"footnotes":""},"categories":[26],"tags":[],"class_list":["post-468","page","type-page","status-publish","has-post-thumbnail","hentry","category-kurs"],"acf":[],"_links":{"self":[{"href":"https:\/\/old.natf.no\/td2017\/wp-json\/wp\/v2\/pages\/468","targetHints":{"allow":["GET"]}}],"collection":[{"href":"https:\/\/old.natf.no\/td2017\/wp-json\/wp\/v2\/pages"}],"about":[{"href":"https:\/\/old.natf.no\/td2017\/wp-json\/wp\/v2\/types\/page"}],"author":[{"embeddable":true,"href":"https:\/\/old.natf.no\/td2017\/wp-json\/wp\/v2\/users\/9"}],"replies":[{"embeddable":true,"href":"https:\/\/old.natf.no\/td2017\/wp-json\/wp\/v2\/comments?post=468"}],"version-history":[{"count":0,"href":"https:\/\/old.natf.no\/td2017\/wp-json\/wp\/v2\/pages\/468\/revisions"}],"up":[{"embeddable":true,"href":"https:\/\/old.natf.no\/td2017\/wp-json\/wp\/v2\/pages\/124"}],"wp:featuredmedia":[{"embeddable":true,"href":"https:\/\/old.natf.no\/td2017\/wp-json\/wp\/v2\/media\/284"}],"wp:attachment":[{"href":"https:\/\/old.natf.no\/td2017\/wp-json\/wp\/v2\/media?parent=468"}],"wp:term":[{"taxonomy":"category","embeddable":true,"href":"https:\/\/old.natf.no\/td2017\/wp-json\/wp\/v2\/categories?post=468"},{"taxonomy":"post_tag","embeddable":true,"href":"https:\/\/old.natf.no\/td2017\/wp-json\/wp\/v2\/tags?post=468"}],"curies":[{"name":"wp","href":"https:\/\/api.w.org\/{rel}","templated":true}]}}