{"id":370,"date":"2017-05-15T11:49:04","date_gmt":"2017-05-15T09:49:04","guid":{"rendered":"https:\/\/natfno.wpengine.com\/td2017\/?page_id=370"},"modified":"2017-08-23T10:22:31","modified_gmt":"2017-08-23T08:22:31","slug":"a-stole-pa-den-intuitive-deg-i-ditt-kreative-arbeide","status":"publish","type":"page","link":"https:\/\/old.natf.no\/td2017\/uttrykk-og-karakterarbeid-gjennom-dans-2\/a-stole-pa-den-intuitive-deg-i-ditt-kreative-arbeide\/","title":{"rendered":"\u00c5 stole p\u00e5 den intuitive deg i ditt kreative arbeide"},"content":{"rendered":"<p>[et_pb_section bb_built=&raquo;1&#8243; admin_label=&raquo;Seksjon&raquo; fullwidth=&raquo;off&raquo; specialty=&raquo;off&raquo;][et_pb_row admin_label=&raquo;Rad&raquo;][et_pb_column type=&raquo;2_3&#8243;][et_pb_text admin_label=&raquo;Tekst&raquo; background_layout=&raquo;light&raquo; text_orientation=&raquo;left&raquo; use_border_color=&raquo;off&raquo; border_color=&raquo;#ffffff&raquo; border_style=&raquo;solid&raquo;]<\/p>\n<p>Et menneske er et slott med mange rom. Som barn er alle rommene \u00e5pne, men etter hvert som vi vokser opp lukker vi flere av rommene i oss selv. Vi slutter \u00e5 lytte til v\u00e5r egen stemme, og leter etter en fasit utenfor oss selv.\u00a0 Men hva hvis verden trenger din unike stemme? Din m\u00e5te \u00e5 skape p\u00e5. Hva om det ikke finnes en fasit, og alle svarene du s\u00f8ker ligger i deg?<\/p>\n<p>N\u00e5r vi kommer i kontakt med v\u00e5rt indre barn \u00e5pner vi opp for fantasien og en verden uten begrensinger. Gjennom yoga, latteryoga, meditasjon, \u201dgroovedans\u201d, skyggearbeid, selvutvikling og konkrete oppgaver til ideer du har lyst til teste ut \u00e5pner vi dine krative rom og gir deg verkt\u00f8y til \u00e5 skape. Et annerledes kurs som gir deg teknikker og metoder til \u00e5 skape og samtidig verkt\u00f8y til avspenning, ro og kontemplasjon.<\/p>\n<p>[\/et_pb_text][\/et_pb_column][et_pb_column type=&raquo;1_3&#8243;][et_pb_image admin_label=&raquo;Bilde&raquo; src=&raquo;https:\/\/old.natf.no\/td2017\/wp-content\/uploads\/sites\/8\/2017\/05\/Carolina_stoyva_eriksen.png&raquo; show_in_lightbox=&raquo;off&raquo; url_new_window=&raquo;off&raquo; use_overlay=&raquo;off&raquo; animation=&raquo;left&raquo; sticky=&raquo;off&raquo; align=&raquo;left&raquo; force_fullwidth=&raquo;off&raquo; always_center_on_mobile=&raquo;on&raquo; use_border_color=&raquo;off&raquo; border_color=&raquo;#ffffff&raquo; border_style=&raquo;solid&raquo; \/][et_pb_text admin_label=&raquo;Tekst&raquo; background_layout=&raquo;light&raquo; text_orientation=&raquo;left&raquo; use_border_color=&raquo;off&raquo; border_color=&raquo;#ffffff&raquo; border_style=&raquo;solid&raquo;]<\/p>\n<p style=\"text-align: left;\"><strong>CAROLINE ST\u00d8YVA ERIKSEN<\/strong><\/p>\n<p>Kursholder er Caroline St\u00f8yva Eriksen kommer fra Lillehammer. Siden 2010 har hun jobbet som ut\u00f8vende scenekunstner. Hun er utdannet musikalartist fra B\u00e5rdar Akademiet og skuespiller fra NISS. Delvis har hun skapt sin egen arbeidsplass ved \u00e5 produsere egne konserter og forestillinger.\u00a0Caroline er ogs\u00e5 sertifisert latteryogal\u00e6rer, barneyogal\u00e6rer og Groove fasilitator.<\/p>\n<p>&nbsp;<\/p>\n<p>[\/et_pb_text][\/et_pb_column][\/et_pb_row][et_pb_row admin_label=&raquo;Rad&raquo;][et_pb_column type=&raquo;4_4&#8243;][et_pb_post_nav admin_label=&raquo;Postnavigering&raquo; in_same_term=&raquo;on&raquo; hide_prev=&raquo;off&raquo; hide_next=&raquo;off&raquo; prev_text=&raquo;Forrige kurs&raquo; next_text=&raquo;Neste kurs&raquo; use_border_color=&raquo;off&raquo; border_color=&raquo;#ffffff&raquo; border_style=&raquo;solid&raquo; \/][\/et_pb_column][\/et_pb_row][\/et_pb_section]<\/p>\n","protected":false},"excerpt":{"rendered":"<p>N\u00e5r vi kommer i kontakt med v\u00e5rt indre barn \u00e5pner vi opp for fantasien og en verden uten begrensinger. Gjennom yoga, latteryoga, meditasjon, \u201dgroovedans\u201d, skyggearbeid, selvutvikling og konkrete oppgaver til ideer du har lyst til teste ut \u00e5pner vi dine krative rom og gir deg verkt\u00f8y til \u00e5 skape. Et annerledes kurs som gir deg teknikker og metoder til \u00e5 skape og samtidig verkt\u00f8y til avspenning, ro og kontemplasjon.<\/p>\n","protected":false},"author":9,"featured_media":276,"parent":124,"menu_order":0,"comment_status":"closed","ping_status":"closed","template":"","meta":{"_acf_changed":false,"_et_pb_use_builder":"on","_et_pb_old_content":"","_et_gb_content_width":"","inline_featured_image":false,"footnotes":""},"categories":[26],"tags":[],"class_list":["post-370","page","type-page","status-publish","has-post-thumbnail","hentry","category-kurs"],"acf":[],"_links":{"self":[{"href":"https:\/\/old.natf.no\/td2017\/wp-json\/wp\/v2\/pages\/370","targetHints":{"allow":["GET"]}}],"collection":[{"href":"https:\/\/old.natf.no\/td2017\/wp-json\/wp\/v2\/pages"}],"about":[{"href":"https:\/\/old.natf.no\/td2017\/wp-json\/wp\/v2\/types\/page"}],"author":[{"embeddable":true,"href":"https:\/\/old.natf.no\/td2017\/wp-json\/wp\/v2\/users\/9"}],"replies":[{"embeddable":true,"href":"https:\/\/old.natf.no\/td2017\/wp-json\/wp\/v2\/comments?post=370"}],"version-history":[{"count":0,"href":"https:\/\/old.natf.no\/td2017\/wp-json\/wp\/v2\/pages\/370\/revisions"}],"up":[{"embeddable":true,"href":"https:\/\/old.natf.no\/td2017\/wp-json\/wp\/v2\/pages\/124"}],"wp:featuredmedia":[{"embeddable":true,"href":"https:\/\/old.natf.no\/td2017\/wp-json\/wp\/v2\/media\/276"}],"wp:attachment":[{"href":"https:\/\/old.natf.no\/td2017\/wp-json\/wp\/v2\/media?parent=370"}],"wp:term":[{"taxonomy":"category","embeddable":true,"href":"https:\/\/old.natf.no\/td2017\/wp-json\/wp\/v2\/categories?post=370"},{"taxonomy":"post_tag","embeddable":true,"href":"https:\/\/old.natf.no\/td2017\/wp-json\/wp\/v2\/tags?post=370"}],"curies":[{"name":"wp","href":"https:\/\/api.w.org\/{rel}","templated":true}]}}