{"id":360,"date":"2017-05-15T11:39:03","date_gmt":"2017-05-15T09:39:03","guid":{"rendered":"https:\/\/natfno.wpengine.com\/td2017\/?page_id=360"},"modified":"2017-10-04T08:45:45","modified_gmt":"2017-10-04T06:45:45","slug":"minnenes-teater-2","status":"publish","type":"page","link":"https:\/\/old.natf.no\/td2017\/uttrykk-og-karakterarbeid-gjennom-dans-2\/minnenes-teater-2\/","title":{"rendered":"Minnenes Teater"},"content":{"rendered":"<p>[et_pb_section bb_built=&raquo;1&#8243; admin_label=&raquo;Seksjon&raquo; fullwidth=&raquo;off&raquo; specialty=&raquo;off&raquo;][et_pb_row admin_label=&raquo;Rad&raquo; background_position=&raquo;top_left&raquo; background_repeat=&raquo;repeat&raquo; background_size=&raquo;initial&raquo;][et_pb_column type=&raquo;2_3&#8243;][et_pb_text admin_label=&raquo;Tekst&raquo; background_layout=&raquo;light&raquo; text_orientation=&raquo;left&raquo; border_style=&raquo;solid&raquo; background_position=&raquo;top_left&raquo; background_repeat=&raquo;repeat&raquo; background_size=&raquo;initial&raquo; _builder_version=&raquo;3.0.51&#8243;]<\/p>\n<p>&laquo;Minnenes Teater&raquo; &#8211; eller Reminisens Teater &#8211; er en metode hvor minner tas i bruk for \u00e5 skape teater. Denne prosessen stimuleres av s\u00e5kalte minnevekkere som kan v\u00e6re ting av ulik karakter, f.eks. bilder, tekster eller musikk som er knyttet opp mot hukommelsen. Gjennom improvisasjoner omdannes minnene til teater.<\/p>\n<p>Kurset egner seg til personer som i sitt yrke eller p\u00e5 fritiden arbeider med eldre mennesker, og som vil l\u00e6re seg \u00e5 lede grupper ved bruk av denne metoden. Kurset anbefales derfor til deg som arbeider som dramapedagog\/instrukt\u00f8r, aktivitetsansvarlig innen eldreomsorg, er bibliotekar, deg som guider eldre p\u00e5 mus\u00e9er, deg som organiserer aktiviteter for eldre i ulike sammenhenger, eller som har tilknytning til organisasjoner for og med pensjonister.<\/p>\n<p>Kurset vil gi deg viktig kompetanse og du f\u00e5r ett nytt redskap i din vekt\u00f8ykasse. Kurset vil inneholde b\u00e5de teori og praktiske gruppe\u00f8velser, og ender opp i sm\u00e5 \u00abforestillinger\u00bb den avsluttende dagen.<br \/>\nKursholder vil dele raust av egne erfaringer med \u00e5 lede egne grupper innen Minnenes Teater.<\/p>\n<p>Etter avsluttet kurs skal deltakerne p\u00e5 selvstendig grunnlag kunne ta i bruk denne metoden for \u00e5 planlegge og gjennomf\u00f8re aktiviteter i egne grupper.<br \/>\nVi vil kunne tilby oppf\u00f8lgingskurs til de deltakere som \u00f8nsker det, samt mulighet til \u00e5 bygge et nettverk for fortsatt kontakt og erfaringsutveksling.<\/p>\n<p><strong>NB! Kurset foreg\u00e5r p\u00e5 engelsk.<\/strong><\/p>\n<p>&nbsp;<\/p>\n<p>&nbsp;<\/p>\n<p>Samarbeidspartnere: DATS og ATR, og med st\u00f8tte fra Nordisk Kulturfond.<\/p>\n<p>[\/et_pb_text][\/et_pb_column][et_pb_column type=&raquo;1_3&#8243;][et_pb_image admin_label=&raquo;Bilde&raquo; src=&raquo;https:\/\/old.natf.no\/td2017\/wp-content\/uploads\/sites\/8\/2017\/05\/Pam_schweitzer.png&raquo; show_in_lightbox=&raquo;off&raquo; url_new_window=&raquo;off&raquo; use_overlay=&raquo;off&raquo; animation=&raquo;left&raquo; sticky=&raquo;off&raquo; align=&raquo;left&raquo; force_fullwidth=&raquo;off&raquo; always_center_on_mobile=&raquo;on&raquo; use_border_color=&raquo;off&raquo; border_color=&raquo;#ffffff&raquo; border_style=&raquo;solid&raquo; \/][et_pb_text admin_label=&raquo;Tekst&raquo; background_layout=&raquo;light&raquo; text_orientation=&raquo;left&raquo; use_border_color=&raquo;off&raquo; border_color=&raquo;#ffffff&raquo; border_style=&raquo;solid&raquo; background_position=&raquo;top_left&raquo; background_repeat=&raquo;repeat&raquo; background_size=&raquo;initial&raquo;]<\/p>\n<p style=\"text-align: center;\"><strong>PAM SCHWEITZER<\/strong><\/p>\n<p>Pam Schweitzer er v\u00e5r tids fremste ekspert p\u00e5 Reminiscence Theatre og har skrevet flere b\u00f8ker innen emnet. I tillegg er hun en erfaren teaterregiss\u00f8r. Pam startet verdens f\u00f8rste Reminiscence Center i London i 1987 med fokus p\u00e5 profesjonell oppl\u00e6ring innen reminisens, og i 1993 grunnla hun det europeiske Reminiscence Network med partnere i 16 europeiske land. Hun har organisert og ledet flere internasjonale kurs, konferanser og seminarer innen emnet.<\/p>\n<p style=\"text-align: right;\">For mer info: <a href=\"http:\/\/pamschweitzer.com\">http:\/\/pamschweitzer.com<\/a><\/p>\n<p>&nbsp;<\/p>\n<p>[\/et_pb_text][\/et_pb_column][\/et_pb_row][et_pb_row admin_label=&raquo;Rad&raquo; background_position=&raquo;top_left&raquo; background_repeat=&raquo;repeat&raquo; background_size=&raquo;initial&raquo;][et_pb_column type=&raquo;1_3&#8243;][et_pb_image admin_label=&raquo;Bilde&raquo; _builder_version=&raquo;3.0.51&#8243; src=&raquo;https:\/\/old.natf.no\/td2017\/wp-content\/uploads\/sites\/8\/2017\/05\/ATR-logo14241.jpg&raquo; show_in_lightbox=&raquo;off&raquo; url_new_window=&raquo;on&raquo; use_overlay=&raquo;off&raquo; sticky=&raquo;off&raquo; align=&raquo;center&raquo; always_center_on_mobile=&raquo;on&raquo; border_style=&raquo;solid&raquo; force_fullwidth=&raquo;off&raquo; url=&raquo;www.atr.nu&raquo; \/][\/et_pb_column][et_pb_column type=&raquo;1_3&#8243;][et_pb_image admin_label=&raquo;Bilde&raquo; _builder_version=&raquo;3.0.51&#8243; src=&raquo;https:\/\/old.natf.no\/td2017\/wp-content\/uploads\/sites\/8\/2017\/05\/dats-logo-201614242.jpg&raquo; show_in_lightbox=&raquo;off&raquo; url_new_window=&raquo;on&raquo; use_overlay=&raquo;off&raquo; sticky=&raquo;off&raquo; align=&raquo;center&raquo; always_center_on_mobile=&raquo;on&raquo; border_style=&raquo;solid&raquo; force_fullwidth=&raquo;off&raquo; url=&raquo;http:\/\/dats.dk\/&raquo; \/][\/et_pb_column][et_pb_column type=&raquo;1_3&#8243;][et_pb_image admin_label=&raquo;Bilde&raquo; _builder_version=&raquo;3.0.51&#8243; src=&raquo;https:\/\/old.natf.no\/td2017\/wp-content\/uploads\/sites\/8\/2017\/05\/nordiskkulturfond_black_rgb.png&raquo; show_in_lightbox=&raquo;off&raquo; url_new_window=&raquo;on&raquo; use_overlay=&raquo;off&raquo; sticky=&raquo;off&raquo; align=&raquo;center&raquo; always_center_on_mobile=&raquo;on&raquo; border_style=&raquo;solid&raquo; force_fullwidth=&raquo;off&raquo; url=&raquo;https:\/\/nordiskkulturfond.org\/&raquo; \/][\/et_pb_column][\/et_pb_row][et_pb_row admin_label=&raquo;Rad&raquo; background_position=&raquo;top_left&raquo; background_repeat=&raquo;repeat&raquo; background_size=&raquo;initial&raquo;][et_pb_column type=&raquo;4_4&#8243;][et_pb_post_nav admin_label=&raquo;Postnavigering&raquo; in_same_term=&raquo;on&raquo; hide_prev=&raquo;off&raquo; hide_next=&raquo;off&raquo; prev_text=&raquo;Forrige kurs&raquo; next_text=&raquo;Neste kurs&raquo; use_border_color=&raquo;off&raquo; border_color=&raquo;#ffffff&raquo; border_style=&raquo;solid&raquo; \/][\/et_pb_column][\/et_pb_row][\/et_pb_section]<\/p>\n","protected":false},"excerpt":{"rendered":"<p>&laquo;Minnenes Teater&raquo; &#8211; eller Reminisens Teater &#8211; er en metode hvor minner tas i bruk for \u00e5 skape teater. Denne prosessen stimuleres av s\u00e5kalte minnevekkere som kan v\u00e6re ting av ulik karakter, f.eks. bilder, tekster eller musikk som er knyttet opp mot hukommelsen. Gjennom improvisasjoner omdannes minnene til teater.<\/p>\n","protected":false},"author":9,"featured_media":285,"parent":124,"menu_order":0,"comment_status":"closed","ping_status":"closed","template":"","meta":{"_acf_changed":false,"_et_pb_use_builder":"on","_et_pb_old_content":"","_et_gb_content_width":"","inline_featured_image":false,"footnotes":""},"categories":[26],"tags":[],"class_list":["post-360","page","type-page","status-publish","has-post-thumbnail","hentry","category-kurs"],"acf":[],"_links":{"self":[{"href":"https:\/\/old.natf.no\/td2017\/wp-json\/wp\/v2\/pages\/360","targetHints":{"allow":["GET"]}}],"collection":[{"href":"https:\/\/old.natf.no\/td2017\/wp-json\/wp\/v2\/pages"}],"about":[{"href":"https:\/\/old.natf.no\/td2017\/wp-json\/wp\/v2\/types\/page"}],"author":[{"embeddable":true,"href":"https:\/\/old.natf.no\/td2017\/wp-json\/wp\/v2\/users\/9"}],"replies":[{"embeddable":true,"href":"https:\/\/old.natf.no\/td2017\/wp-json\/wp\/v2\/comments?post=360"}],"version-history":[{"count":0,"href":"https:\/\/old.natf.no\/td2017\/wp-json\/wp\/v2\/pages\/360\/revisions"}],"up":[{"embeddable":true,"href":"https:\/\/old.natf.no\/td2017\/wp-json\/wp\/v2\/pages\/124"}],"wp:featuredmedia":[{"embeddable":true,"href":"https:\/\/old.natf.no\/td2017\/wp-json\/wp\/v2\/media\/285"}],"wp:attachment":[{"href":"https:\/\/old.natf.no\/td2017\/wp-json\/wp\/v2\/media?parent=360"}],"wp:term":[{"taxonomy":"category","embeddable":true,"href":"https:\/\/old.natf.no\/td2017\/wp-json\/wp\/v2\/categories?post=360"},{"taxonomy":"post_tag","embeddable":true,"href":"https:\/\/old.natf.no\/td2017\/wp-json\/wp\/v2\/tags?post=360"}],"curies":[{"name":"wp","href":"https:\/\/api.w.org\/{rel}","templated":true}]}}