{"id":89,"date":"2015-04-28T09:35:18","date_gmt":"2015-04-28T07:35:18","guid":{"rendered":"https:\/\/natfno.wpengine.com\/td2015\/?page_id=89"},"modified":"2016-08-29T08:36:40","modified_gmt":"2016-08-29T06:36:40","slug":"praktisk-info","status":"publish","type":"page","link":"https:\/\/old.natf.no\/td2016\/praktisk-info\/","title":{"rendered":"Praktisk info"},"content":{"rendered":"<p>[et_pb_section admin_label=&raquo;section&raquo; transparent_background=&raquo;off&raquo; background_color=&raquo;rgba(218,232,232,0.99)&raquo; allow_player_pause=&raquo;off&raquo; inner_shadow=&raquo;off&raquo; parallax=&raquo;off&raquo; parallax_method=&raquo;off&raquo; padding_mobile=&raquo;off&raquo; make_fullwidth=&raquo;off&raquo; use_custom_width=&raquo;off&raquo; width_unit=&raquo;on&raquo; make_equal=&raquo;off&raquo; use_custom_gutter=&raquo;off&raquo;][et_pb_row admin_label=&raquo;row&raquo;][et_pb_column type=&raquo;1_3&#8243;][et_pb_text admin_label=&raquo;Tekst&raquo; background_layout=&raquo;light&raquo; text_orientation=&raquo;left&raquo; use_border_color=&raquo;off&raquo; border_color=&raquo;#ffffff&raquo; border_style=&raquo;solid&raquo;]<\/p>\n<h3>FESTIVALHOTEL<\/h3>\n<p>M\u00f8lla Hotell i Lillehammer sentrum er \u00e5rets festivalhotell. Oppgi &laquo;Fabrikken&raquo; n\u00e5r du bestiller og f\u00e5 rabatt. (vi samarbeider med Fabrikken).<\/p>\n<p class=\"p1\">Kr 1050.- pr. enkeltrom pr. d\u00f8gn med frokost.<\/p>\n<p class=\"p1\">Kr 1350.- pr. dobbeltrom pr. d\u00f8gn med frokost.<\/p>\n<p class=\"p1\">\n<p class=\"p1\">N\u00e5 M\u00f8lla Hotell p\u00e5 telefon nr 61 05 70 80 eller mail til <a href=\"mailto:post@mollahotell.no\"><span class=\"s1\">post@mollahotell.no<\/span><\/a><\/p>\n<p class=\"p1\">Oppgi &laquo;Fabrikken&raquo; som kodenavn, s\u00e5 f\u00e5r dere avtalepris.<\/p>\n<p class=\"p1\">\n<p class=\"p1\">\u00a0\u00a0\u00a0\u00a0\u00a0\u00a0\u00a0\u00a0\u00a0\u00a0\u00a0\u00a0\u00a0\u00a0\u00a0\u00a0\u00a0\u00a0\u00a0\u00a0\u00a0\u00a0\u00a0\u00a0\u00a0\u00a0\u00a0\u00a0\u00a0\u00a0\u00a0\u00a0\u00a0\u00a0\u00a0\u00a0\u00a0\u00a0\u00a0\u00a0\u00a0\u00a0\u00a0\u00a0\u00a0\u00a0\u00a0\u00a0\u00a0\u00a0\u00a0\u00a0\u00a0\u00a0\u00a0\u00a0\u00a0\u00a0\u00a0\u00a0\u00a0\u00a0\u00a0\u00a0\u00a0\u00a0\u00a0\u00a0\u00a0\u00a0\u00a0\u00a0\u00a0\u00a0\u00a0\u00a0\u00a0\u00a0\u00a0\u00a0\u00a0\u00a0\u00a0\u00a0\u00a0\u00a0\u00a0\u00a0\u00a0\u00a0\u00a0\u00a0\u00a0\u00a0\u00a0\u00a0\u00a0\u00a0\u00a0\u00a0\u00a0\u00a0\u00a0\u00a0\u00a0\u00a0\u00a0\u00a0\u00a0\u00a0\u00a0\u00a0\u00a0\u00a0\u00a0\u00a0\u00a0\u00a0\u00a0\u00a0\u00a0\u00a0\u00a0\u00a0 <span class=\"s2\"><b>M\u00f8lla Hotell<\/b><\/span><\/p>\n<p class=\"p1\">\n<p class=\"p2\">I 1991 var Lillehammer Aktiem\u00f8lle den eneste gjenv\u00e6rende m\u00f8llebygningen i distriktet. Etter over 130 \u00e5rs m\u00f8lledrift ble den innhentet av den moderne tids krav til effektivitet og sommeren 1991 malte m\u00f8lla for siste gang. Vi har bestrebet oss p\u00e5 \u00e5 skape et hotell som kombinerer tradisjon og s\u00e6rpreg med dagens krav til komfort og service. Den 36 meter h\u00f8ye bygningen rommer 58 forskjellige kornkammer, innredet med tidsriktige m\u00f8bler og tekstiler.<\/p>\n<p class=\"p2\">\n<p class=\"p2\">I m\u00f8lledriftens storhetsdager var Lillehammer kjent for sine mange vannposter. I dag finner du byens h\u00f8yeste vannpost, Toppen Bar, under kornsiloens glasskuppel. Det er kanskje dristig \u00e5 kalle Toppen Bar en vannpost, men vi vil gjerne at den skal fungere slik de gamle vannpostene gjorde; et uformelt treffsted.<\/p>\n<p>[\/et_pb_text][\/et_pb_column][et_pb_column type=&raquo;1_3&#8243;][et_pb_text admin_label=&raquo;Tekst&raquo; background_layout=&raquo;light&raquo; text_orientation=&raquo;left&raquo; use_border_color=&raquo;off&raquo; border_color=&raquo;#ffffff&raquo; border_style=&raquo;solid&raquo;]<\/p>\n<h4>INNSJEKK OG FESTIVALPASS<\/h4>\n<p>[\/et_pb_text][\/et_pb_column][et_pb_column type=&raquo;1_3&#8243;][et_pb_map admin_label=&raquo;Kart&raquo; address=&raquo;2609 Lillehammer, Norge&raquo; zoom_level=&raquo;15&#8243; address_lat=&raquo;61.114413153214635&#8243; address_lng=&raquo;10.4624229311439&#8243; mouse_wheel=&raquo;on&raquo; use_grayscale_filter=&raquo;off&raquo;] [et_pb_map_pin title=&raquo;Kulturhuset Banken&raquo; pin_address=&raquo;Kirkegata 41, 2609 Lillehammer, Norge&raquo; pin_address_lat=&raquo;61.11350389999999&#8243; pin_address_lng=&raquo;10.465193&#8243;] [\/et_pb_map_pin][et_pb_map_pin title=&raquo;Lillehammer Videreg\u00e5ende&raquo; pin_address=&raquo;Storgata 25, 2609 Lillehammer, Norge&raquo; pin_address_lat=&raquo;61.11199790000001&#8243; pin_address_lng=&raquo;10.46988829999998&#8243;] [\/et_pb_map_pin][et_pb_map_pin title=&raquo;Lillehammer Skysstasjon&raquo; pin_address=&raquo;Jernbanetorget 4, 2609 Lillehammer, Norge&raquo; pin_address_lat=&raquo;61.1151332&#8243; pin_address_lng=&raquo;10.462149899999986&#8243;] [\/et_pb_map_pin] [\/et_pb_map][\/et_pb_column][\/et_pb_row][\/et_pb_section]<\/p>\n","protected":false},"excerpt":{"rendered":"<p>FESTIVALHOTEL M\u00f8lla Hotell i Lillehammer sentrum er \u00e5rets festivalhotell. Oppgi &laquo;Fabrikken&raquo; n\u00e5r du bestiller og f\u00e5 rabatt. (vi samarbeider med Fabrikken). Kr 1050.- pr. enkeltrom pr. d\u00f8gn med frokost. Kr [&hellip;]<\/p>\n","protected":false},"author":9,"featured_media":0,"parent":0,"menu_order":0,"comment_status":"closed","ping_status":"closed","template":"","meta":{"_acf_changed":false,"_et_pb_use_builder":"on","_et_pb_old_content":"","_et_gb_content_width":"","inline_featured_image":false,"footnotes":""},"class_list":["post-89","page","type-page","status-publish","hentry"],"acf":[],"_links":{"self":[{"href":"https:\/\/old.natf.no\/td2016\/wp-json\/wp\/v2\/pages\/89","targetHints":{"allow":["GET"]}}],"collection":[{"href":"https:\/\/old.natf.no\/td2016\/wp-json\/wp\/v2\/pages"}],"about":[{"href":"https:\/\/old.natf.no\/td2016\/wp-json\/wp\/v2\/types\/page"}],"author":[{"embeddable":true,"href":"https:\/\/old.natf.no\/td2016\/wp-json\/wp\/v2\/users\/9"}],"replies":[{"embeddable":true,"href":"https:\/\/old.natf.no\/td2016\/wp-json\/wp\/v2\/comments?post=89"}],"version-history":[{"count":0,"href":"https:\/\/old.natf.no\/td2016\/wp-json\/wp\/v2\/pages\/89\/revisions"}],"wp:attachment":[{"href":"https:\/\/old.natf.no\/td2016\/wp-json\/wp\/v2\/media?parent=89"}],"curies":[{"name":"wp","href":"https:\/\/api.w.org\/{rel}","templated":true}]}}